{"id":923,"date":"2023-02-11T18:29:34","date_gmt":"2023-02-11T18:29:34","guid":{"rendered":"https:\/\/natsunivers.dk\/mytes\/?page_id=923"},"modified":"2023-02-26T06:52:07","modified_gmt":"2023-02-26T06:52:07","slug":"herakles-svinkeaerinder","status":"publish","type":"page","link":"https:\/\/natsunivers.dk\/mytes\/?page_id=923","title":{"rendered":"Herakles&#8217; Svinke\u00e6rinder"},"content":{"rendered":"\n<div class=\"is-layout-flex wp-container-3 wp-block-columns\">\n<div class=\"is-layout-flow wp-block-column\" style=\"flex-basis:66.66%\">\n<p><em>De 12 arbejder var ikke de eneste oplevelser Harakles havde p\u00e5 sin vej. Faktisk havde han en del p\u00e5 sin samvittighed.<\/em><\/p>\n\n\n\n<p><strong>Herakles r\u00f8ver Pythias&#8217; trefod: <\/strong>Der har aldrig v\u00e6ret tvivl om at Herakles var en helt med mange talenter. Dette bevidste han f.eks. da Eurytos udlovede sin datter til den der kunne sl\u00e5 ham i bueskydning. Herakles stillede op imod ham og vandt. Eurytos n\u00e6gtede dog stadig at give sin datter til Herakles. For at h\u00e6vne sig inviterede Herakles Eurytos&#8217; s\u00f8nner til hans borg. Fra borgens tinder viste han s\u00f8nnen Ifitos hans rige for s\u00e5 at styrte ham i d\u00f8den. Han havde nu forsyndet sig mod g\u00e6stevenskabets bud og m\u00e5tte sone sig. Derfor gik han til Apollon&#8217;s tempel. Pythia n\u00e6gtede dog at tage imod ham hvilket gjorde ham s\u00e5 desperat at han stormede templet og r\u00f8vede Apollon&#8217;s trefod. Herakles ville oprette sit eget orakel for at kunne f\u00e5 svar p\u00e5 hvordan han kunne sone. Godt op\u00e5 vej med den stj\u00e5lne trefod indhentede Apollon og Artemis ham. Artemis gik p\u00e5 Herakles&#8217; side mens Apollon imod. Et m\u00e6gtigt slagsm\u00e5l gik i gang og sluttede f\u00f8rst da Zeus slyngede et lyn ned foran Herakles. Alle tre stoppede da op og sluttede fred.<\/p>\n\n\n\n<p><strong>Herakles i kvinderolle:<\/strong> Selvsagt m\u00e5tte Herakles b\u00f8de for at r\u00f8ve Apollon&#8217;s tempel. Dette blev han ved at guden Hermes solgte ham som slave for tre talenter. Det var dronning Omphale der k\u00f8bte ham p\u00e5 opfordring af Zeus. Han m\u00e5tte nu bytte kl\u00e6der med hende og et helt \u00e5r udf\u00f8rte han kvindearbejde som at holde parasol eller garn for Omphale.<\/p>\n\n\n\n<p><strong>Herakles vinder Deianeira:<\/strong> Med tiden blev Herakles befriet fra sine dage som kvinde og han drog videre til kong Oineus i Kalydon. Denne konge havde en datter s\u00e5 attr\u00e5v\u00e6rdig men mandehader var hun. Herakles som jo ikke var uvant med pr\u00f8velser mente kun det gjorde Deianeira endnu mere tiltr\u00e6kkende. Under et bes\u00f8g i underverdenen havde Herakles m\u00f8dt Deianeira&#8217;s afd\u00f8de broder og havde der lovet ham at gifte sig med hende. Da Herakles ankom var der i midlertidig en anden bejler. Dette var flodguden Acheloos. En \u00e6del tvekamp begyndte med den fagre Deianeira som gevinst. Acheloos forvandlede sig f\u00f8rst til en slange, senere som en tyr. Herakles br\u00e6kkede et af tyrens horn af hvorefter Acheloos trak sig tilbage. Omg\u00e5ende blev brylluppet fejret og hornet han br\u00e6kkede af Acheloos blev gemt.<\/p>\n\n\n\n<p><strong>Kentauren Nessos:<\/strong> Efter brylluppet skulle Herakles hjemf\u00f8re sin nye brud til Theben. For at komme derhen skulle de over en flod og bet\u00f8d derfor de skulle b\u00e6res af en f\u00e6rgemand. F\u00e6rgemanden var i dette tilf\u00e6lde en kentaur ved navn Nessos. Som andre kentaurer kunne han v\u00e6re vild af natur og dette skete netop som han fik den yndige Deianeira i sine arme. Med Herakles p\u00e5 den modsatte bred forgreb Nessos sig p\u00e5 Deianeira. En vrede steg i Herakles og han sendte sine pile tv\u00e6rs over floden. Pilene ramte Nessos som faldt d\u00f8dende sammen. F\u00f8rst gav han dog Deianeira det r\u00e5d at samle noget af hans blod. Skulle Herakles nogensinde svigte hende for en anden kvinde kunne hun bruge dette som elskovsmiddel. Deianeira gjorde som Nessos sagde og samlede noget af hans blod i en lille salveflaske. Da hun med Herakles n\u00e5ede deres nye hjem gemte hun s\u00e5 flasken.<\/p>\n<\/div>\n\n\n\n<div class=\"is-layout-flow wp-block-column\" style=\"flex-basis:33.33%\">\n<script async src=\"https:\/\/pagead2.googlesyndication.com\/pagead\/js\/adsbygoogle.js?client=ca-pub-9147999370744615\"\n     crossorigin=\"anonymous\"><\/script>\n<!-- Ny nats -->\n<ins class=\"adsbygoogle\"\n     style=\"display:block\"\n     data-ad-client=\"ca-pub-9147999370744615\"\n     data-ad-slot=\"2957070328\"\n     data-ad-format=\"auto\"\n     data-full-width-responsive=\"true\"><\/ins>\n<script>\n     (adsbygoogle = window.adsbygoogle || []).push({});\n<\/script>\n<\/div>\n<\/div>\n","protected":false},"excerpt":{"rendered":"<p>De 12 arbejder var ikke de eneste oplevelser Harakles havde p\u00e5 sin vej. Faktisk havde han en del p\u00e5 sin samvittighed. Herakles r\u00f8ver Pythias&#8217; trefod: Der har aldrig v\u00e6ret tvivl om at Herakles var en helt med mange talenter. Dette bevidste han f.eks. da Eurytos udlovede sin datter til den der kunne sl\u00e5 ham i [&hellip;]<\/p>\n","protected":false},"author":1,"featured_media":0,"parent":0,"menu_order":0,"comment_status":"closed","ping_status":"closed","template":"","meta":[],"_links":{"self":[{"href":"https:\/\/natsunivers.dk\/mytes\/index.php?rest_route=\/wp\/v2\/pages\/923"}],"collection":[{"href":"https:\/\/natsunivers.dk\/mytes\/index.php?rest_route=\/wp\/v2\/pages"}],"about":[{"href":"https:\/\/natsunivers.dk\/mytes\/index.php?rest_route=\/wp\/v2\/types\/page"}],"author":[{"embeddable":true,"href":"https:\/\/natsunivers.dk\/mytes\/index.php?rest_route=\/wp\/v2\/users\/1"}],"replies":[{"embeddable":true,"href":"https:\/\/natsunivers.dk\/mytes\/index.php?rest_route=%2Fwp%2Fv2%2Fcomments&post=923"}],"version-history":[{"count":3,"href":"https:\/\/natsunivers.dk\/mytes\/index.php?rest_route=\/wp\/v2\/pages\/923\/revisions"}],"predecessor-version":[{"id":1171,"href":"https:\/\/natsunivers.dk\/mytes\/index.php?rest_route=\/wp\/v2\/pages\/923\/revisions\/1171"}],"wp:attachment":[{"href":"https:\/\/natsunivers.dk\/mytes\/index.php?rest_route=%2Fwp%2Fv2%2Fmedia&parent=923"}],"curies":[{"name":"wp","href":"https:\/\/api.w.org\/{rel}","templated":true}]}}