{"id":83,"date":"2023-01-29T11:43:15","date_gmt":"2023-01-29T11:43:15","guid":{"rendered":"https:\/\/natsunivers.dk\/mytes\/?page_id=83"},"modified":"2023-02-18T07:55:50","modified_gmt":"2023-02-18T07:55:50","slug":"akamas","status":"publish","type":"page","link":"https:\/\/natsunivers.dk\/mytes\/?page_id=83","title":{"rendered":"Akamas"},"content":{"rendered":"\n<div class=\"is-layout-flex wp-container-3 wp-block-columns\">\n<div class=\"is-layout-flow wp-block-column\" style=\"flex-basis:66.66%\">\n<p>S\u00f8n af Theseus og Phaidra som k\u00e6mpede ved Troja. Mens han var i kamp ventede den thrakiske prinsesse Phyllis l\u00e6ngselsfuldt p\u00e5 ham. J\u00e6vnligt gik hun ned til kysten ved Enneodos i h\u00e5b om at han kom hjem. Til sidst blev det for meget for hendes hjerte og hun faldt d\u00f8d om af sorg. <\/p>\n\n\n\n<p>Gudinden Athene forvandlede hende til et mandel tr\u00e6 og da Akamas dagen efter ankom til bredden f\u00f8lte han sig draget til tr\u00e6et. Han k\u00e6rtegnede bildt tr\u00e6ets bark og i stedet for blade sk\u00f8d det pludselig blomster. <\/p>\n\n\n\n<p>Han staves desuden ogs\u00e5 Acamas.<\/p>\n<\/div>\n\n\n\n<div class=\"is-layout-flow wp-block-column\" style=\"flex-basis:33.33%\">\n<script async src=\"https:\/\/pagead2.googlesyndication.com\/pagead\/js\/adsbygoogle.js?client=ca-pub-9147999370744615\"\n     crossorigin=\"anonymous\"><\/script>\n<!-- Ny nats -->\n<ins class=\"adsbygoogle\"\n     style=\"display:block\"\n     data-ad-client=\"ca-pub-9147999370744615\"\n     data-ad-slot=\"2957070328\"\n     data-ad-format=\"auto\"\n     data-full-width-responsive=\"true\"><\/ins>\n<script>\n     (adsbygoogle = window.adsbygoogle || []).push({});\n<\/script>\n<\/div>\n<\/div>\n","protected":false},"excerpt":{"rendered":"<p>S\u00f8n af Theseus og Phaidra som k\u00e6mpede ved Troja. Mens han var i kamp ventede den thrakiske prinsesse Phyllis l\u00e6ngselsfuldt p\u00e5 ham. J\u00e6vnligt gik hun ned til kysten ved Enneodos i h\u00e5b om at han kom hjem. Til sidst blev det for meget for hendes hjerte og hun faldt d\u00f8d om af sorg. Gudinden Athene [&hellip;]<\/p>\n","protected":false},"author":1,"featured_media":0,"parent":0,"menu_order":0,"comment_status":"closed","ping_status":"closed","template":"","meta":[],"_links":{"self":[{"href":"https:\/\/natsunivers.dk\/mytes\/index.php?rest_route=\/wp\/v2\/pages\/83"}],"collection":[{"href":"https:\/\/natsunivers.dk\/mytes\/index.php?rest_route=\/wp\/v2\/pages"}],"about":[{"href":"https:\/\/natsunivers.dk\/mytes\/index.php?rest_route=\/wp\/v2\/types\/page"}],"author":[{"embeddable":true,"href":"https:\/\/natsunivers.dk\/mytes\/index.php?rest_route=\/wp\/v2\/users\/1"}],"replies":[{"embeddable":true,"href":"https:\/\/natsunivers.dk\/mytes\/index.php?rest_route=%2Fwp%2Fv2%2Fcomments&post=83"}],"version-history":[{"count":3,"href":"https:\/\/natsunivers.dk\/mytes\/index.php?rest_route=\/wp\/v2\/pages\/83\/revisions"}],"predecessor-version":[{"id":984,"href":"https:\/\/natsunivers.dk\/mytes\/index.php?rest_route=\/wp\/v2\/pages\/83\/revisions\/984"}],"wp:attachment":[{"href":"https:\/\/natsunivers.dk\/mytes\/index.php?rest_route=%2Fwp%2Fv2%2Fmedia&parent=83"}],"curies":[{"name":"wp","href":"https:\/\/api.w.org\/{rel}","templated":true}]}}