{"id":69,"date":"2023-01-29T11:32:15","date_gmt":"2023-01-29T11:32:15","guid":{"rendered":"https:\/\/natsunivers.dk\/mytes\/?page_id=69"},"modified":"2023-01-29T11:32:15","modified_gmt":"2023-01-29T11:32:15","slug":"athene","status":"publish","type":"page","link":"https:\/\/natsunivers.dk\/mytes\/?page_id=69","title":{"rendered":"Athene"},"content":{"rendered":"\n<p>Datter af Zeus og<br>Metis, og gudinden for krig og h\u00e5ndv\u00e6rk. Hendes f\u00f8dsel var lidt barsk i det Zeus var<br>blevet sp\u00e5et at den s\u00f8n han en dag ville f\u00e5 med Metis ville styrte ham. Derfor for at<br>forhindre at hun ville senere f\u00f8de en s\u00f8n slugte han den allerede gravide Metis og blev<br>p\u00e5 den m\u00e5de selv gravid. Fosteret satte sig i Zeus&#8217; pande og han m\u00e5tte derfor have<br>smedeguden Hefaistos som f\u00f8dselshj\u00e6lper. Denne tog en \u00f8kse og kl\u00f8vede Zeus&#8217; pande og ud<br>sprang Athene fuldvoksen og bev\u00e6bnet.<\/p>\n\n\n\n<p>Som symbol fik Athene den vise ugle som ogs\u00e5<br>blev afbilledet p\u00e5 athenske m\u00f8nter. Hun hjalp mange helte der i blandt Odysseus med at<br>komme tilbage til sit hjem, \u00f8en Ithaka efter hans lange og noget eventyrlige s\u00f8rejse da<br>den trojanske krig endte.<\/p>\n","protected":false},"excerpt":{"rendered":"<p>Datter af Zeus ogMetis, og gudinden for krig og h\u00e5ndv\u00e6rk. Hendes f\u00f8dsel var lidt barsk i det Zeus varblevet sp\u00e5et at den s\u00f8n han en dag ville f\u00e5 med Metis ville styrte ham. Derfor for atforhindre at hun ville senere f\u00f8de en s\u00f8n slugte han den allerede gravide Metis og blevp\u00e5 den m\u00e5de selv gravid. [&hellip;]<\/p>\n","protected":false},"author":1,"featured_media":0,"parent":0,"menu_order":0,"comment_status":"closed","ping_status":"closed","template":"","meta":[],"_links":{"self":[{"href":"https:\/\/natsunivers.dk\/mytes\/index.php?rest_route=\/wp\/v2\/pages\/69"}],"collection":[{"href":"https:\/\/natsunivers.dk\/mytes\/index.php?rest_route=\/wp\/v2\/pages"}],"about":[{"href":"https:\/\/natsunivers.dk\/mytes\/index.php?rest_route=\/wp\/v2\/types\/page"}],"author":[{"embeddable":true,"href":"https:\/\/natsunivers.dk\/mytes\/index.php?rest_route=\/wp\/v2\/users\/1"}],"replies":[{"embeddable":true,"href":"https:\/\/natsunivers.dk\/mytes\/index.php?rest_route=%2Fwp%2Fv2%2Fcomments&post=69"}],"version-history":[{"count":1,"href":"https:\/\/natsunivers.dk\/mytes\/index.php?rest_route=\/wp\/v2\/pages\/69\/revisions"}],"predecessor-version":[{"id":70,"href":"https:\/\/natsunivers.dk\/mytes\/index.php?rest_route=\/wp\/v2\/pages\/69\/revisions\/70"}],"wp:attachment":[{"href":"https:\/\/natsunivers.dk\/mytes\/index.php?rest_route=%2Fwp%2Fv2%2Fmedia&parent=69"}],"curies":[{"name":"wp","href":"https:\/\/api.w.org\/{rel}","templated":true}]}}