{"id":688,"date":"2023-01-30T15:16:56","date_gmt":"2023-01-30T15:16:56","guid":{"rendered":"https:\/\/natsunivers.dk\/mytes\/?page_id=688"},"modified":"2023-02-26T07:27:39","modified_gmt":"2023-02-26T07:27:39","slug":"kassandra","status":"publish","type":"page","link":"https:\/\/natsunivers.dk\/mytes\/?page_id=688","title":{"rendered":"Kassandra"},"content":{"rendered":"\n<div class=\"is-layout-flex wp-container-3 wp-block-columns\">\n<div class=\"is-layout-flow wp-block-column\" style=\"flex-basis:66.66%\">\n<p>Kassandra var datter af kong Priamos af Troja og dennes hustru Hekabe. Hun var utrolig smuk og havde lige s\u00e5 utrolige sp\u00e5domsevner. Disse evner skulle efter sigende v\u00e6re en gave fra Apollon som der elskede hende. Gaven gav han da hun afviste ham.<br>En fin gave skulle man tro men selvom Kassandra kunne sp\u00e5 sandhed bestod gaven ogs\u00e5 af at ingen nogensinde ville tro hende. Kassandra forudsagde ting som, den trojanske krig, det virkelig form\u00e5l med den trojanske hest og mordet p\u00e5 Agammemnon.<\/p>\n<\/div>\n\n\n\n<div class=\"is-layout-flow wp-block-column\" style=\"flex-basis:33.33%\">\n<script async src=\"https:\/\/pagead2.googlesyndication.com\/pagead\/js\/adsbygoogle.js?client=ca-pub-9147999370744615\"\n     crossorigin=\"anonymous\"><\/script>\n<!-- Ny nats -->\n<ins class=\"adsbygoogle\"\n     style=\"display:block\"\n     data-ad-client=\"ca-pub-9147999370744615\"\n     data-ad-slot=\"2957070328\"\n     data-ad-format=\"auto\"\n     data-full-width-responsive=\"true\"><\/ins>\n<script>\n     (adsbygoogle = window.adsbygoogle || []).push({});\n<\/script>\n<\/div>\n<\/div>\n","protected":false},"excerpt":{"rendered":"<p>Kassandra var datter af kong Priamos af Troja og dennes hustru Hekabe. Hun var utrolig smuk og havde lige s\u00e5 utrolige sp\u00e5domsevner. Disse evner skulle efter sigende v\u00e6re en gave fra Apollon som der elskede hende. Gaven gav han da hun afviste ham.En fin gave skulle man tro men selvom Kassandra kunne sp\u00e5 sandhed bestod [&hellip;]<\/p>\n","protected":false},"author":1,"featured_media":0,"parent":0,"menu_order":0,"comment_status":"closed","ping_status":"closed","template":"","meta":[],"_links":{"self":[{"href":"https:\/\/natsunivers.dk\/mytes\/index.php?rest_route=\/wp\/v2\/pages\/688"}],"collection":[{"href":"https:\/\/natsunivers.dk\/mytes\/index.php?rest_route=\/wp\/v2\/pages"}],"about":[{"href":"https:\/\/natsunivers.dk\/mytes\/index.php?rest_route=\/wp\/v2\/types\/page"}],"author":[{"embeddable":true,"href":"https:\/\/natsunivers.dk\/mytes\/index.php?rest_route=\/wp\/v2\/users\/1"}],"replies":[{"embeddable":true,"href":"https:\/\/natsunivers.dk\/mytes\/index.php?rest_route=%2Fwp%2Fv2%2Fcomments&post=688"}],"version-history":[{"count":2,"href":"https:\/\/natsunivers.dk\/mytes\/index.php?rest_route=\/wp\/v2\/pages\/688\/revisions"}],"predecessor-version":[{"id":1205,"href":"https:\/\/natsunivers.dk\/mytes\/index.php?rest_route=\/wp\/v2\/pages\/688\/revisions\/1205"}],"wp:attachment":[{"href":"https:\/\/natsunivers.dk\/mytes\/index.php?rest_route=%2Fwp%2Fv2%2Fmedia&parent=688"}],"curies":[{"name":"wp","href":"https:\/\/api.w.org\/{rel}","templated":true}]}}