{"id":65,"date":"2023-01-29T11:29:50","date_gmt":"2023-01-29T11:29:50","guid":{"rendered":"https:\/\/natsunivers.dk\/mytes\/?page_id=65"},"modified":"2023-02-18T11:19:19","modified_gmt":"2023-02-18T11:19:19","slug":"artemis","status":"publish","type":"page","link":"https:\/\/natsunivers.dk\/mytes\/?page_id=65","title":{"rendered":"Artemis"},"content":{"rendered":"\n<div class=\"is-layout-flex wp-container-3 wp-block-columns\">\n<div class=\"is-layout-flow wp-block-column\" style=\"flex-basis:66.66%\">\n<p>Artemis var en jomfruelig gudinde for jagt og dyr. Endvidere ogs\u00e5 gudinde for menneskers frugtbarhed. Hun var datter af Zeus og Leto hvilket gjorde hende til Apollon&#8217;s tvillinges\u00f8ster.<\/p>\n\n\n\n<p>Artemis var ikke glad for at folk kom ind p\u00e5 hendes omr\u00e5de hvilket kan ses i nogle af de historier der er om hende. F.eks. forvandlede hun Aktaion til en hjort da han under en jagt s\u00e5 hende bade. Hans egne hunde s\u00f8nderev ham bagefter.<\/p>\n\n\n\n<p>Da nymfen Kallisto br\u00f8d hendes kyskhedsl\u00f8fte forvandlede Artemis hende til en bj\u00f8rn. Sammen med Apollon dr\u00e6bte hun Niobe&#8217;s b\u00f8rn med en regn af pile da denne prisede sig lykkeligere end Leto.<\/p>\n\n\n\n<p>Kong Agamemnon dr\u00e6bte engang en af Artemis&#8217; hjorte hvilke gjorde at hun stoppede vinden lige ud for Aulis s\u00e5 han ikke kunne sejle videre. Agamemnon m\u00e5tte ofre sin datter Iphigeneia f\u00f8r hun lod dem sejle. Artemis reddede dog pigen.<\/p>\n\n\n\n<p>Artemis havde et f\u00f8lge af nymfer og p\u00e5 jagten ledsagede Orion og hendes pr\u00e6stinde Iphigeneia hende. Hendes attributter var bue og pil.<\/p>\n\n\n\n<p>Artemis var en gammel guddom hvilket ogs\u00e5 kan ses p\u00e5 de menneskeofringer der blev gjort. P\u00e5 Delos er det blevet sagt at kvinder ofrede deres h\u00e5r til Artemis.<\/p>\n\n\n\n<p>Hendes kultstatue i Ephesos blev sagt at v\u00e6re den st\u00f8rste i antikken og et af verdens underv\u00e6rker. Statuen forestillede hende med mange bryster eller som andre mener<br>tyretestikler.<\/p>\n<\/div>\n\n\n\n<div class=\"is-layout-flow wp-block-column\" style=\"flex-basis:33.33%\">\n<script async src=\"https:\/\/pagead2.googlesyndication.com\/pagead\/js\/adsbygoogle.js?client=ca-pub-9147999370744615\"\n     crossorigin=\"anonymous\"><\/script>\n<!-- Ny nats -->\n<ins class=\"adsbygoogle\"\n     style=\"display:block\"\n     data-ad-client=\"ca-pub-9147999370744615\"\n     data-ad-slot=\"2957070328\"\n     data-ad-format=\"auto\"\n     data-full-width-responsive=\"true\"><\/ins>\n<script>\n     (adsbygoogle = window.adsbygoogle || []).push({});\n<\/script>\n<\/div>\n<\/div>\n","protected":false},"excerpt":{"rendered":"<p>Artemis var en jomfruelig gudinde for jagt og dyr. Endvidere ogs\u00e5 gudinde for menneskers frugtbarhed. Hun var datter af Zeus og Leto hvilket gjorde hende til Apollon&#8217;s tvillinges\u00f8ster. Artemis var ikke glad for at folk kom ind p\u00e5 hendes omr\u00e5de hvilket kan ses i nogle af de historier der er om hende. F.eks. forvandlede hun [&hellip;]<\/p>\n","protected":false},"author":1,"featured_media":0,"parent":0,"menu_order":0,"comment_status":"closed","ping_status":"closed","template":"","meta":[],"_links":{"self":[{"href":"https:\/\/natsunivers.dk\/mytes\/index.php?rest_route=\/wp\/v2\/pages\/65"}],"collection":[{"href":"https:\/\/natsunivers.dk\/mytes\/index.php?rest_route=\/wp\/v2\/pages"}],"about":[{"href":"https:\/\/natsunivers.dk\/mytes\/index.php?rest_route=\/wp\/v2\/types\/page"}],"author":[{"embeddable":true,"href":"https:\/\/natsunivers.dk\/mytes\/index.php?rest_route=\/wp\/v2\/users\/1"}],"replies":[{"embeddable":true,"href":"https:\/\/natsunivers.dk\/mytes\/index.php?rest_route=%2Fwp%2Fv2%2Fcomments&post=65"}],"version-history":[{"count":2,"href":"https:\/\/natsunivers.dk\/mytes\/index.php?rest_route=\/wp\/v2\/pages\/65\/revisions"}],"predecessor-version":[{"id":1023,"href":"https:\/\/natsunivers.dk\/mytes\/index.php?rest_route=\/wp\/v2\/pages\/65\/revisions\/1023"}],"wp:attachment":[{"href":"https:\/\/natsunivers.dk\/mytes\/index.php?rest_route=%2Fwp%2Fv2%2Fmedia&parent=65"}],"curies":[{"name":"wp","href":"https:\/\/api.w.org\/{rel}","templated":true}]}}