{"id":634,"date":"2023-01-29T19:24:05","date_gmt":"2023-01-29T19:24:05","guid":{"rendered":"https:\/\/natsunivers.dk\/mytes\/?page_id=634"},"modified":"2023-01-29T19:24:05","modified_gmt":"2023-01-29T19:24:05","slug":"thorsdrapa","status":"publish","type":"page","link":"https:\/\/natsunivers.dk\/mytes\/?page_id=634","title":{"rendered":"Thorsdrapa"},"content":{"rendered":"\n<p>Dette er navnet p\u00e5 et gammelt skjaldedigt skrevet i slutningen af 900-tallet af den islandske digter<br>Eil\u00edfr Go\u00f0r\u00fanarson.<br>Digtet n\u00e6vnes i Snorres Edda hvor der fort\u00e6lles om j\u00e6tten Geirr\u00f8d.<br>Digtet anses som v\u00e6rende lidt af et litter\u00e6rt kunstv\u00e6rk og er p\u00e5 20 vers.<br>Handlingen er simpel. Den beskriver Thor&#8217;s f\u00e6rd til Geirr\u00f8dsg\u00e5rd, hans rejsekammerater Tjalfe og Loki samt de kampe der<br>uundg\u00e5eligt m\u00e5tte k\u00e6mpes undervejs.<\/p>\n","protected":false},"excerpt":{"rendered":"<p>Dette er navnet p\u00e5 et gammelt skjaldedigt skrevet i slutningen af 900-tallet af den islandske digterEil\u00edfr Go\u00f0r\u00fanarson.Digtet n\u00e6vnes i Snorres Edda hvor der fort\u00e6lles om j\u00e6tten Geirr\u00f8d.Digtet anses som v\u00e6rende lidt af et litter\u00e6rt kunstv\u00e6rk og er p\u00e5 20 vers.Handlingen er simpel. Den beskriver Thor&#8217;s f\u00e6rd til Geirr\u00f8dsg\u00e5rd, hans rejsekammerater Tjalfe og Loki samt de [&hellip;]<\/p>\n","protected":false},"author":1,"featured_media":0,"parent":0,"menu_order":0,"comment_status":"closed","ping_status":"closed","template":"","meta":[],"_links":{"self":[{"href":"https:\/\/natsunivers.dk\/mytes\/index.php?rest_route=\/wp\/v2\/pages\/634"}],"collection":[{"href":"https:\/\/natsunivers.dk\/mytes\/index.php?rest_route=\/wp\/v2\/pages"}],"about":[{"href":"https:\/\/natsunivers.dk\/mytes\/index.php?rest_route=\/wp\/v2\/types\/page"}],"author":[{"embeddable":true,"href":"https:\/\/natsunivers.dk\/mytes\/index.php?rest_route=\/wp\/v2\/users\/1"}],"replies":[{"embeddable":true,"href":"https:\/\/natsunivers.dk\/mytes\/index.php?rest_route=%2Fwp%2Fv2%2Fcomments&post=634"}],"version-history":[{"count":1,"href":"https:\/\/natsunivers.dk\/mytes\/index.php?rest_route=\/wp\/v2\/pages\/634\/revisions"}],"predecessor-version":[{"id":635,"href":"https:\/\/natsunivers.dk\/mytes\/index.php?rest_route=\/wp\/v2\/pages\/634\/revisions\/635"}],"wp:attachment":[{"href":"https:\/\/natsunivers.dk\/mytes\/index.php?rest_route=%2Fwp%2Fv2%2Fmedia&parent=634"}],"curies":[{"name":"wp","href":"https:\/\/api.w.org\/{rel}","templated":true}]}}