{"id":531,"date":"2023-01-29T17:35:20","date_gmt":"2023-01-29T17:35:20","guid":{"rendered":"https:\/\/natsunivers.dk\/mytes\/?page_id=531"},"modified":"2023-02-25T08:16:09","modified_gmt":"2023-02-25T08:16:09","slug":"danaider","status":"publish","type":"page","link":"https:\/\/natsunivers.dk\/mytes\/?page_id=531","title":{"rendered":"Danaider"},"content":{"rendered":"\n<div class=\"is-layout-flex wp-container-3 wp-block-columns\">\n<div class=\"is-layout-flow wp-block-column\" style=\"flex-basis:66.66%\">\n<p>Danaiderne er faktisk en gruppe p\u00e5 50 kvinder. De er alle d\u00f8tre af Danaos og findes i Tartaros hvor de som straf m\u00e5 \u00f8se vand med en si over i et bundl\u00f8st kar.<br>Straffen fik de da alle undtagen en, nemlig Hypermestra myrdede deres \u00e6gtem\u00e6nd p\u00e5 bryllupsnatten efter r\u00e5d af deres fader. Han gav r\u00e5det da de imod deres egen og hans vilje skulle giftes med hans broder Aigyptos\u00b4 50 s\u00f8nner.<\/p>\n<\/div>\n\n\n\n<div class=\"is-layout-flow wp-block-column\" style=\"flex-basis:33.33%\">\n<script async src=\"https:\/\/pagead2.googlesyndication.com\/pagead\/js\/adsbygoogle.js?client=ca-pub-9147999370744615\"\n     crossorigin=\"anonymous\"><\/script>\n<!-- Ny nats -->\n<ins class=\"adsbygoogle\"\n     style=\"display:block\"\n     data-ad-client=\"ca-pub-9147999370744615\"\n     data-ad-slot=\"2957070328\"\n     data-ad-format=\"auto\"\n     data-full-width-responsive=\"true\"><\/ins>\n<script>\n     (adsbygoogle = window.adsbygoogle || []).push({});\n<\/script>\n<\/div>\n<\/div>\n","protected":false},"excerpt":{"rendered":"<p>Danaiderne er faktisk en gruppe p\u00e5 50 kvinder. De er alle d\u00f8tre af Danaos og findes i Tartaros hvor de som straf m\u00e5 \u00f8se vand med en si over i et bundl\u00f8st kar.Straffen fik de da alle undtagen en, nemlig Hypermestra myrdede deres \u00e6gtem\u00e6nd p\u00e5 bryllupsnatten efter r\u00e5d af deres fader. Han gav r\u00e5det da [&hellip;]<\/p>\n","protected":false},"author":1,"featured_media":0,"parent":0,"menu_order":0,"comment_status":"closed","ping_status":"closed","template":"","meta":[],"_links":{"self":[{"href":"https:\/\/natsunivers.dk\/mytes\/index.php?rest_route=\/wp\/v2\/pages\/531"}],"collection":[{"href":"https:\/\/natsunivers.dk\/mytes\/index.php?rest_route=\/wp\/v2\/pages"}],"about":[{"href":"https:\/\/natsunivers.dk\/mytes\/index.php?rest_route=\/wp\/v2\/types\/page"}],"author":[{"embeddable":true,"href":"https:\/\/natsunivers.dk\/mytes\/index.php?rest_route=\/wp\/v2\/users\/1"}],"replies":[{"embeddable":true,"href":"https:\/\/natsunivers.dk\/mytes\/index.php?rest_route=%2Fwp%2Fv2%2Fcomments&post=531"}],"version-history":[{"count":2,"href":"https:\/\/natsunivers.dk\/mytes\/index.php?rest_route=\/wp\/v2\/pages\/531\/revisions"}],"predecessor-version":[{"id":1065,"href":"https:\/\/natsunivers.dk\/mytes\/index.php?rest_route=\/wp\/v2\/pages\/531\/revisions\/1065"}],"wp:attachment":[{"href":"https:\/\/natsunivers.dk\/mytes\/index.php?rest_route=%2Fwp%2Fv2%2Fmedia&parent=531"}],"curies":[{"name":"wp","href":"https:\/\/api.w.org\/{rel}","templated":true}]}}