{"id":523,"date":"2023-01-29T17:30:32","date_gmt":"2023-01-29T17:30:32","guid":{"rendered":"https:\/\/natsunivers.dk\/mytes\/?page_id=523"},"modified":"2023-01-29T17:30:32","modified_gmt":"2023-01-29T17:30:32","slug":"victoria","status":"publish","type":"page","link":"https:\/\/natsunivers.dk\/mytes\/?page_id=523","title":{"rendered":"Victoria"},"content":{"rendered":"\n<p>Dette var den romerske sejrsgudinde og en personifikation af det romerske folks sejrskraft. Hun var desuden ogs\u00e5<br>romerrigets jomfruelige skytsgudinde.<br>Hun havde et tempel p\u00e5 bjerget Palatin. Efter romernes nederlag til Hannibal i 217 f.kr. sendte Hiero af Syracuse en guld statue af<br>Victoria for at indgyde romerne mod. Statuen blev stilt i Jupiter Optimus Maximus&#8217; tempel.<br>Victoria blev typisk afbildet med vinger og sejrskrans. Det var normalt at se hende afbildet p\u00e5 romerske m\u00f8nter.<br>Festivals i hendes \u00e6re blev afholdt d. 17. juli og d. 1. august. Hendes navn betyder &#8220;sejr&#8221;.<br>Victoria svarer til den gr\u00e6ske Nike.<\/p>\n","protected":false},"excerpt":{"rendered":"<p>Dette var den romerske sejrsgudinde og en personifikation af det romerske folks sejrskraft. Hun var desuden ogs\u00e5romerrigets jomfruelige skytsgudinde.Hun havde et tempel p\u00e5 bjerget Palatin. Efter romernes nederlag til Hannibal i 217 f.kr. sendte Hiero af Syracuse en guld statue afVictoria for at indgyde romerne mod. Statuen blev stilt i Jupiter Optimus Maximus&#8217; tempel.Victoria blev [&hellip;]<\/p>\n","protected":false},"author":1,"featured_media":0,"parent":0,"menu_order":0,"comment_status":"closed","ping_status":"closed","template":"","meta":[],"_links":{"self":[{"href":"https:\/\/natsunivers.dk\/mytes\/index.php?rest_route=\/wp\/v2\/pages\/523"}],"collection":[{"href":"https:\/\/natsunivers.dk\/mytes\/index.php?rest_route=\/wp\/v2\/pages"}],"about":[{"href":"https:\/\/natsunivers.dk\/mytes\/index.php?rest_route=\/wp\/v2\/types\/page"}],"author":[{"embeddable":true,"href":"https:\/\/natsunivers.dk\/mytes\/index.php?rest_route=\/wp\/v2\/users\/1"}],"replies":[{"embeddable":true,"href":"https:\/\/natsunivers.dk\/mytes\/index.php?rest_route=%2Fwp%2Fv2%2Fcomments&post=523"}],"version-history":[{"count":1,"href":"https:\/\/natsunivers.dk\/mytes\/index.php?rest_route=\/wp\/v2\/pages\/523\/revisions"}],"predecessor-version":[{"id":524,"href":"https:\/\/natsunivers.dk\/mytes\/index.php?rest_route=\/wp\/v2\/pages\/523\/revisions\/524"}],"wp:attachment":[{"href":"https:\/\/natsunivers.dk\/mytes\/index.php?rest_route=%2Fwp%2Fv2%2Fmedia&parent=523"}],"curies":[{"name":"wp","href":"https:\/\/api.w.org\/{rel}","templated":true}]}}