{"id":510,"date":"2023-01-29T17:23:52","date_gmt":"2023-01-29T17:23:52","guid":{"rendered":"https:\/\/natsunivers.dk\/mytes\/?page_id=510"},"modified":"2023-01-29T17:23:52","modified_gmt":"2023-01-29T17:23:52","slug":"ull","status":"publish","type":"page","link":"https:\/\/natsunivers.dk\/mytes\/?page_id=510","title":{"rendered":"Ull"},"content":{"rendered":"\n<p>Ull var den nordiske gud for<br>retsordenen og den hellige ed. Endvidere var han ogs\u00e5 skytsgud for tvekampen og<br>agerbrugsgud. Han blev beskrevet som v\u00e6rende en stor bueskytte og skil\u00f8ber.<br>S\u00f8n er han af Sif og steds\u00f8n til Thor. Efter Skadi blev skilt fra Njord<br>giftede Ull sig med hende. Ligesom hende indg\u00e5r hans navne i mange svenske og norske<br>stednavne.<\/p>\n","protected":false},"excerpt":{"rendered":"<p>Ull var den nordiske gud forretsordenen og den hellige ed. Endvidere var han ogs\u00e5 skytsgud for tvekampen ogagerbrugsgud. Han blev beskrevet som v\u00e6rende en stor bueskytte og skil\u00f8ber.S\u00f8n er han af Sif og steds\u00f8n til Thor. Efter Skadi blev skilt fra Njordgiftede Ull sig med hende. Ligesom hende indg\u00e5r hans navne i mange svenske og [&hellip;]<\/p>\n","protected":false},"author":1,"featured_media":0,"parent":0,"menu_order":0,"comment_status":"closed","ping_status":"closed","template":"","meta":[],"_links":{"self":[{"href":"https:\/\/natsunivers.dk\/mytes\/index.php?rest_route=\/wp\/v2\/pages\/510"}],"collection":[{"href":"https:\/\/natsunivers.dk\/mytes\/index.php?rest_route=\/wp\/v2\/pages"}],"about":[{"href":"https:\/\/natsunivers.dk\/mytes\/index.php?rest_route=\/wp\/v2\/types\/page"}],"author":[{"embeddable":true,"href":"https:\/\/natsunivers.dk\/mytes\/index.php?rest_route=\/wp\/v2\/users\/1"}],"replies":[{"embeddable":true,"href":"https:\/\/natsunivers.dk\/mytes\/index.php?rest_route=%2Fwp%2Fv2%2Fcomments&post=510"}],"version-history":[{"count":1,"href":"https:\/\/natsunivers.dk\/mytes\/index.php?rest_route=\/wp\/v2\/pages\/510\/revisions"}],"predecessor-version":[{"id":511,"href":"https:\/\/natsunivers.dk\/mytes\/index.php?rest_route=\/wp\/v2\/pages\/510\/revisions\/511"}],"wp:attachment":[{"href":"https:\/\/natsunivers.dk\/mytes\/index.php?rest_route=%2Fwp%2Fv2%2Fmedia&parent=510"}],"curies":[{"name":"wp","href":"https:\/\/api.w.org\/{rel}","templated":true}]}}