{"id":483,"date":"2023-01-29T17:12:35","date_gmt":"2023-01-29T17:12:35","guid":{"rendered":"https:\/\/natsunivers.dk\/mytes\/?page_id=483"},"modified":"2023-01-29T17:12:35","modified_gmt":"2023-01-29T17:12:35","slug":"sopdu","status":"publish","type":"page","link":"https:\/\/natsunivers.dk\/mytes\/?page_id=483","title":{"rendered":"Sopdu"},"content":{"rendered":"\n<p>Egyptisk \u00f8rkengud og desuden gud for den \u00f8stlige gr\u00e6nse som ogs\u00e5 Nil deltaet var en del af. Han blev kaldt for den \u00f8stlige \u00f8rkens herre.<br>Han var den som sikrede kongen herred\u00f8mmet over naboerne mod \u00f8st og s\u00f8rgede for at de \u00f8stlige folk lod sig blive kongens unders\u00e5tter.<br>Typisk blev han afbildet som en siddende falk eller grif men undertiden ogs\u00e5 i menneskeskikkelse. Som menneske var han ofte if\u00f8rt Shesmet-b\u00e6lte<br>og p\u00e5 hovedet en krone med 2 fjer.<br>Is\u00e6r i Sinais bjergomr\u00e5de blev han dyrket. Flere pyramidetekster omtaler ham i forbindelse med de d\u00f8des t\u00e6nder men dette har man ikke fundet<br>nogen forklaring p\u00e5. I det Ny-Rige smeltede han imidlertidig sammen med Harachte (Horus) og blev til Har-Sopdu.<\/p>\n","protected":false},"excerpt":{"rendered":"<p>Egyptisk \u00f8rkengud og desuden gud for den \u00f8stlige gr\u00e6nse som ogs\u00e5 Nil deltaet var en del af. Han blev kaldt for den \u00f8stlige \u00f8rkens herre.Han var den som sikrede kongen herred\u00f8mmet over naboerne mod \u00f8st og s\u00f8rgede for at de \u00f8stlige folk lod sig blive kongens unders\u00e5tter.Typisk blev han afbildet som en siddende falk eller [&hellip;]<\/p>\n","protected":false},"author":1,"featured_media":0,"parent":0,"menu_order":0,"comment_status":"closed","ping_status":"closed","template":"","meta":[],"_links":{"self":[{"href":"https:\/\/natsunivers.dk\/mytes\/index.php?rest_route=\/wp\/v2\/pages\/483"}],"collection":[{"href":"https:\/\/natsunivers.dk\/mytes\/index.php?rest_route=\/wp\/v2\/pages"}],"about":[{"href":"https:\/\/natsunivers.dk\/mytes\/index.php?rest_route=\/wp\/v2\/types\/page"}],"author":[{"embeddable":true,"href":"https:\/\/natsunivers.dk\/mytes\/index.php?rest_route=\/wp\/v2\/users\/1"}],"replies":[{"embeddable":true,"href":"https:\/\/natsunivers.dk\/mytes\/index.php?rest_route=%2Fwp%2Fv2%2Fcomments&post=483"}],"version-history":[{"count":1,"href":"https:\/\/natsunivers.dk\/mytes\/index.php?rest_route=\/wp\/v2\/pages\/483\/revisions"}],"predecessor-version":[{"id":484,"href":"https:\/\/natsunivers.dk\/mytes\/index.php?rest_route=\/wp\/v2\/pages\/483\/revisions\/484"}],"wp:attachment":[{"href":"https:\/\/natsunivers.dk\/mytes\/index.php?rest_route=%2Fwp%2Fv2%2Fmedia&parent=483"}],"curies":[{"name":"wp","href":"https:\/\/api.w.org\/{rel}","templated":true}]}}