{"id":477,"date":"2023-01-29T17:11:01","date_gmt":"2023-01-29T17:11:01","guid":{"rendered":"https:\/\/natsunivers.dk\/mytes\/?page_id=477"},"modified":"2023-01-29T17:11:01","modified_gmt":"2023-01-29T17:11:01","slug":"sobek","status":"publish","type":"page","link":"https:\/\/natsunivers.dk\/mytes\/?page_id=477","title":{"rendered":"Sobek"},"content":{"rendered":"\n<p>Dette var en gammel egyptisk krokodille gud som blev afbildet som en krokodille eller en mand med krokodillehoved.<br>Han stod som en personifikation p\u00e5 krokodillens d\u00f8dbringende magt over dets bytte og var et symbol p\u00e5 pharaoernes milit\u00e6re magt.<br>Sobek blev desuden anset som frugtbarheds- og vandgud. Man mente at det var ham der skabte h\u00f8j- og lavvande i Nilen og derved<br>vandede markerne.<br>I 1000 tallet f.kr. blev en del konger kaldt for Sebekhotep som bet\u00f8d &#8220;Sebek er tilfremstillet&#8221;.<br>Han havde flest tilbedere i byen Krokodilopolis som var hovedstaden i Faijum. Her holdte man en krokodille i en dam ved den<br>st\u00f8rste helligdom.<br>Krokodillen hed Petsuckos, var smykket med juveler og blev fodret med delikatesser. Det og at drikke af dammen sagdes at give<br>Sobek&#8217;s beskyttelse i det man mente at dyret var en inkarnasion af guden.<br>Man har undertiden betragtet Sobek som v\u00e6rende en s\u00f8n af Neith men dette vides dog ikke med sikkerhed. En anden myte beretter at Seth<br>skulle have skjult sig i Sobek&#8217;s krop for at undg\u00e5 straf for mordet p\u00e5 Osiris.<br>V\u00e6rende en krokodille gud s\u00e5 besad Sobek ogs\u00e5 nogle dyriske instinkter. Af instinkt slugte Sobek dele af Osiris da denne gled ned<br>vandet. Dette br\u00f8d guderne sig ikke om og de skar derfor Sobek&#8217;s tunge ud. dette er forklaringen p\u00e5 hvorfor krokodiller ikke har tunger.<br>Med tiden smeltede Sobek sammen med Ra og blev til Sobek-Ra.<br>Andre navne: Sebek og Suchos.<\/p>\n","protected":false},"excerpt":{"rendered":"<p>Dette var en gammel egyptisk krokodille gud som blev afbildet som en krokodille eller en mand med krokodillehoved.Han stod som en personifikation p\u00e5 krokodillens d\u00f8dbringende magt over dets bytte og var et symbol p\u00e5 pharaoernes milit\u00e6re magt.Sobek blev desuden anset som frugtbarheds- og vandgud. Man mente at det var ham der skabte h\u00f8j- og lavvande [&hellip;]<\/p>\n","protected":false},"author":1,"featured_media":0,"parent":0,"menu_order":0,"comment_status":"closed","ping_status":"closed","template":"","meta":[],"_links":{"self":[{"href":"https:\/\/natsunivers.dk\/mytes\/index.php?rest_route=\/wp\/v2\/pages\/477"}],"collection":[{"href":"https:\/\/natsunivers.dk\/mytes\/index.php?rest_route=\/wp\/v2\/pages"}],"about":[{"href":"https:\/\/natsunivers.dk\/mytes\/index.php?rest_route=\/wp\/v2\/types\/page"}],"author":[{"embeddable":true,"href":"https:\/\/natsunivers.dk\/mytes\/index.php?rest_route=\/wp\/v2\/users\/1"}],"replies":[{"embeddable":true,"href":"https:\/\/natsunivers.dk\/mytes\/index.php?rest_route=%2Fwp%2Fv2%2Fcomments&post=477"}],"version-history":[{"count":1,"href":"https:\/\/natsunivers.dk\/mytes\/index.php?rest_route=\/wp\/v2\/pages\/477\/revisions"}],"predecessor-version":[{"id":478,"href":"https:\/\/natsunivers.dk\/mytes\/index.php?rest_route=\/wp\/v2\/pages\/477\/revisions\/478"}],"wp:attachment":[{"href":"https:\/\/natsunivers.dk\/mytes\/index.php?rest_route=%2Fwp%2Fv2%2Fmedia&parent=477"}],"curies":[{"name":"wp","href":"https:\/\/api.w.org\/{rel}","templated":true}]}}