{"id":47,"date":"2023-01-29T11:19:12","date_gmt":"2023-01-29T11:19:12","guid":{"rendered":"https:\/\/natsunivers.dk\/mytes\/?page_id=47"},"modified":"2023-02-17T17:11:07","modified_gmt":"2023-02-17T17:11:07","slug":"afrodite","status":"publish","type":"page","link":"https:\/\/natsunivers.dk\/mytes\/?page_id=47","title":{"rendered":"Afrodite"},"content":{"rendered":"\n<div class=\"is-layout-flex wp-container-3 wp-block-columns\">\n<div class=\"is-layout-flow wp-block-column\" style=\"flex-basis:66.66%\">\n<p>Elskovsgudinden som er et symbol p\u00e5 sk\u00f8nhed, k\u00e6rlighed og frugtbarhed. Hun blev f\u00f8dt ud af Uranus\u2019 afsk\u00e5rne lem der efter Kronos havde smidt det i havet, fl\u00f8d rundt i hvidt skum. Afrodite<br>blev skyllet i land ved Pafos p\u00e5 Cypern.<\/p>\n\n\n\n<p><br>Hun har en del forhold bag sig som f.eks. hendes forhold til Hefaitos smedenes gud som hun ogs\u00e5 var gift med indtil hun faldt for en ny. N\u00e6ste i r\u00e6kken var Ares krigernes gud og derefter Adonis naturguden. Med Ares fik hun s\u00f8nnen Eros.<\/p>\n<\/div>\n\n\n\n<div class=\"is-layout-flow wp-block-column\" style=\"flex-basis:33.33%\">\n<script async src=\"https:\/\/pagead2.googlesyndication.com\/pagead\/js\/adsbygoogle.js?client=ca-pub-9147999370744615\"\n     crossorigin=\"anonymous\"><\/script>\n<!-- Ny nats -->\n<ins class=\"adsbygoogle\"\n     style=\"display:block\"\n     data-ad-client=\"ca-pub-9147999370744615\"\n     data-ad-slot=\"2957070328\"\n     data-ad-format=\"auto\"\n     data-full-width-responsive=\"true\"><\/ins>\n<script>\n     (adsbygoogle = window.adsbygoogle || []).push({});\n<\/script>\n<\/div>\n<\/div>\n\n\n\n<p><\/p>\n\n\n\n<p><\/p>\n","protected":false},"excerpt":{"rendered":"<p>Elskovsgudinden som er et symbol p\u00e5 sk\u00f8nhed, k\u00e6rlighed og frugtbarhed. Hun blev f\u00f8dt ud af Uranus\u2019 afsk\u00e5rne lem der efter Kronos havde smidt det i havet, fl\u00f8d rundt i hvidt skum. Afroditeblev skyllet i land ved Pafos p\u00e5 Cypern. Hun har en del forhold bag sig som f.eks. hendes forhold til Hefaitos smedenes gud som [&hellip;]<\/p>\n","protected":false},"author":1,"featured_media":0,"parent":0,"menu_order":0,"comment_status":"closed","ping_status":"closed","template":"","meta":[],"_links":{"self":[{"href":"https:\/\/natsunivers.dk\/mytes\/index.php?rest_route=\/wp\/v2\/pages\/47"}],"collection":[{"href":"https:\/\/natsunivers.dk\/mytes\/index.php?rest_route=\/wp\/v2\/pages"}],"about":[{"href":"https:\/\/natsunivers.dk\/mytes\/index.php?rest_route=\/wp\/v2\/types\/page"}],"author":[{"embeddable":true,"href":"https:\/\/natsunivers.dk\/mytes\/index.php?rest_route=\/wp\/v2\/users\/1"}],"replies":[{"embeddable":true,"href":"https:\/\/natsunivers.dk\/mytes\/index.php?rest_route=%2Fwp%2Fv2%2Fcomments&post=47"}],"version-history":[{"count":3,"href":"https:\/\/natsunivers.dk\/mytes\/index.php?rest_route=\/wp\/v2\/pages\/47\/revisions"}],"predecessor-version":[{"id":974,"href":"https:\/\/natsunivers.dk\/mytes\/index.php?rest_route=\/wp\/v2\/pages\/47\/revisions\/974"}],"wp:attachment":[{"href":"https:\/\/natsunivers.dk\/mytes\/index.php?rest_route=%2Fwp%2Fv2%2Fmedia&parent=47"}],"curies":[{"name":"wp","href":"https:\/\/api.w.org\/{rel}","templated":true}]}}