{"id":365,"date":"2023-01-29T16:11:41","date_gmt":"2023-01-29T16:11:41","guid":{"rendered":"https:\/\/natsunivers.dk\/mytes\/?page_id=365"},"modified":"2023-01-29T16:11:41","modified_gmt":"2023-01-29T16:11:41","slug":"odysseus","status":"publish","type":"page","link":"https:\/\/natsunivers.dk\/mytes\/?page_id=365","title":{"rendered":"Odysseus"},"content":{"rendered":"\n<p>Odysseus var en helt fra den Trojanske krig<br>og konge over \u00f8en Ithaka. Han var s\u00f8n af Laertes og Antikeia. Desuden var<br>han gudinden Athene&#8217;s yndling. Som hustru havde han Penelope med hvem han fik s\u00f8nnen Telemachos. Af andre b\u00f8rn havde han Telegonos<br>med nymfen Kirke. Denne s\u00f8n blev senere hans d\u00f8d.Samme dag hans S\u00f8n Telemachos kom til verden drog Odysseus i krig, den Trojanske krig.<br>Inden han drog afsted overdragede han ansvaret af sin familie til Mentor. Efter 10 \u00e5rs krig fyldt med d\u00f8d og pinsler kom Odysseus p\u00e5 r\u00e5d.<br>Han mente at ved at bygge den Trojanske hest kunne de snyde sig ind i Troja hvilket de ogs\u00e5 gjorde. Troja faldt og krigerne gl\u00e6dede sig til at komme hjem.<br>Guderne var dog sure over blodbadet som krigen havde v\u00e6ret skyld i og voldt\u00e6gten af Kassandra i Athene&#8217;s tempel. De var dog glade for at se Troja faldet. Som en straf m\u00e5tte Odysseus flakke om p\u00e5 havet i 10 \u00e5r f\u00f8r han kunne vende hjem.<br>Andre mener at grunden til straffen er at han satte sig imod Poseidon ved at sige at han klarede sig uden gudernes hj\u00e6lp. Dette gjorde Poseidon forn\u00e6rmet.<br>Under Odysseus&#8217; omflakkende kom han ud for en del eventyr som da han blindede Kyklopen Polyphemos. Desuden bes\u00f8gte han p\u00e5 Kirke\u00b4s r\u00e5d Hades hvor han m\u00f8dte sin mor.<br>For at modst\u00e5 Sireners lokkesang lod han sine m\u00e6nd binde ham til masten af skibet. Han undslap Skylla og Charybdis og tilbragte 7 \u00e5r hos nymfen Kalypso. Odysseus kom ud for meget og dette viser bare nogle af dem hvilket var grunden til at beretningen om ham var s\u00e5 yndet i Gr\u00e6kenland.<br>Ved hjemkomsten til \u00f8en Ithaka forkl\u00e6dte han sig med Athene&#8217;s hj\u00e6lp til en tigger s\u00e5 han uden at give sig til kende kunne komme Penelope&#8217;s bejlere n\u00e6r og dr\u00e6be dem.<br>Senere blev han selv dr\u00e6bt af sin s\u00f8n Telegonos som ikke kendte ham.<\/p>\n","protected":false},"excerpt":{"rendered":"<p>Odysseus var en helt fra den Trojanske krigog konge over \u00f8en Ithaka. Han var s\u00f8n af Laertes og Antikeia. Desuden varhan gudinden Athene&#8217;s yndling. Som hustru havde han Penelope med hvem han fik s\u00f8nnen Telemachos. Af andre b\u00f8rn havde han Telegonosmed nymfen Kirke. Denne s\u00f8n blev senere hans d\u00f8d.Samme dag hans S\u00f8n Telemachos kom til [&hellip;]<\/p>\n","protected":false},"author":1,"featured_media":0,"parent":0,"menu_order":0,"comment_status":"closed","ping_status":"closed","template":"","meta":[],"_links":{"self":[{"href":"https:\/\/natsunivers.dk\/mytes\/index.php?rest_route=\/wp\/v2\/pages\/365"}],"collection":[{"href":"https:\/\/natsunivers.dk\/mytes\/index.php?rest_route=\/wp\/v2\/pages"}],"about":[{"href":"https:\/\/natsunivers.dk\/mytes\/index.php?rest_route=\/wp\/v2\/types\/page"}],"author":[{"embeddable":true,"href":"https:\/\/natsunivers.dk\/mytes\/index.php?rest_route=\/wp\/v2\/users\/1"}],"replies":[{"embeddable":true,"href":"https:\/\/natsunivers.dk\/mytes\/index.php?rest_route=%2Fwp%2Fv2%2Fcomments&post=365"}],"version-history":[{"count":1,"href":"https:\/\/natsunivers.dk\/mytes\/index.php?rest_route=\/wp\/v2\/pages\/365\/revisions"}],"predecessor-version":[{"id":366,"href":"https:\/\/natsunivers.dk\/mytes\/index.php?rest_route=\/wp\/v2\/pages\/365\/revisions\/366"}],"wp:attachment":[{"href":"https:\/\/natsunivers.dk\/mytes\/index.php?rest_route=%2Fwp%2Fv2%2Fmedia&parent=365"}],"curies":[{"name":"wp","href":"https:\/\/api.w.org\/{rel}","templated":true}]}}