{"id":282,"date":"2023-01-29T13:44:03","date_gmt":"2023-01-29T13:44:03","guid":{"rendered":"https:\/\/natsunivers.dk\/mytes\/?page_id=282"},"modified":"2023-02-25T13:47:35","modified_gmt":"2023-02-25T13:47:35","slug":"glavendrup-stenen","status":"publish","type":"page","link":"https:\/\/natsunivers.dk\/mytes\/?page_id=282","title":{"rendered":"Glavendrup-stenen"},"content":{"rendered":"\n<div class=\"is-layout-flex wp-container-3 wp-block-columns\">\n<div class=\"is-layout-flow wp-block-column\" style=\"flex-basis:66.66%\">\n<p>Dette er en runesten p\u00e5 Nord Fyn indeholdende Danmarks l\u00e6ngste rune indskrift nemlig p\u00e5 hele 210 runer.<br>52 mindre sten danner en 60 m lang skibss\u00e6tning hvor denne store sten st\u00e5r i vest st\u00e6vnen. Det hele er blevet rejst i<br>f\u00f8rste del af 900 tallet.<br>Ragnhild som ogs\u00e5 rejste en runesten for en anden af sine \u00e6gtem\u00e6nd, rejste denne her for \u00e6gtemanden Alle.<br>Indskriften overs\u00e6ttes med lidt forskellig ordlyd ved diverse overs\u00e6ttere men betydningen er den samme. Forneden ses en af<br>overs\u00e6ttelserne.<br>Ragnhild satte denne sten efter Alle den Blege, viernes gode, hirdens h\u00f8jv\u00e6rdige thegn.<\/p>\n\n\n\n<p>Alles s\u00f8nner gjorde disse kumler efter deres fader og hans kone efter sin mand, men Sote ristede disse runer efter sin herre. Thor vie disse runer.<\/p>\n\n\n\n<p>Gid den m\u00e5 regnes for en troldmand, som \u00f8del\u00e6gger denne sten eller sl\u00e6ber den bort til minde om en anden.<br>Thegn betyder h\u00f8vding og som det ses indeholder indskriften en forbandelse til dem der m\u00e5tte finde p\u00e5 at \u00f8del\u00e6gge stenen.<\/p>\n<\/div>\n\n\n\n<div class=\"is-layout-flow wp-block-column\" style=\"flex-basis:33.33%\">\n<script async src=\"https:\/\/pagead2.googlesyndication.com\/pagead\/js\/adsbygoogle.js?client=ca-pub-9147999370744615\"\n     crossorigin=\"anonymous\"><\/script>\n<!-- Ny nats -->\n<ins class=\"adsbygoogle\"\n     style=\"display:block\"\n     data-ad-client=\"ca-pub-9147999370744615\"\n     data-ad-slot=\"2957070328\"\n     data-ad-format=\"auto\"\n     data-full-width-responsive=\"true\"><\/ins>\n<script>\n     (adsbygoogle = window.adsbygoogle || []).push({});\n<\/script>\n<\/div>\n<\/div>\n","protected":false},"excerpt":{"rendered":"<p>Dette er en runesten p\u00e5 Nord Fyn indeholdende Danmarks l\u00e6ngste rune indskrift nemlig p\u00e5 hele 210 runer.52 mindre sten danner en 60 m lang skibss\u00e6tning hvor denne store sten st\u00e5r i vest st\u00e6vnen. Det hele er blevet rejst if\u00f8rste del af 900 tallet.Ragnhild som ogs\u00e5 rejste en runesten for en anden af sine \u00e6gtem\u00e6nd, rejste [&hellip;]<\/p>\n","protected":false},"author":1,"featured_media":0,"parent":0,"menu_order":0,"comment_status":"closed","ping_status":"closed","template":"","meta":[],"_links":{"self":[{"href":"https:\/\/natsunivers.dk\/mytes\/index.php?rest_route=\/wp\/v2\/pages\/282"}],"collection":[{"href":"https:\/\/natsunivers.dk\/mytes\/index.php?rest_route=\/wp\/v2\/pages"}],"about":[{"href":"https:\/\/natsunivers.dk\/mytes\/index.php?rest_route=\/wp\/v2\/types\/page"}],"author":[{"embeddable":true,"href":"https:\/\/natsunivers.dk\/mytes\/index.php?rest_route=\/wp\/v2\/users\/1"}],"replies":[{"embeddable":true,"href":"https:\/\/natsunivers.dk\/mytes\/index.php?rest_route=%2Fwp%2Fv2%2Fcomments&post=282"}],"version-history":[{"count":2,"href":"https:\/\/natsunivers.dk\/mytes\/index.php?rest_route=\/wp\/v2\/pages\/282\/revisions"}],"predecessor-version":[{"id":1123,"href":"https:\/\/natsunivers.dk\/mytes\/index.php?rest_route=\/wp\/v2\/pages\/282\/revisions\/1123"}],"wp:attachment":[{"href":"https:\/\/natsunivers.dk\/mytes\/index.php?rest_route=%2Fwp%2Fv2%2Fmedia&parent=282"}],"curies":[{"name":"wp","href":"https:\/\/api.w.org\/{rel}","templated":true}]}}