{"id":200,"date":"2023-01-29T13:07:38","date_gmt":"2023-01-29T13:07:38","guid":{"rendered":"https:\/\/natsunivers.dk\/mytes\/?page_id=200"},"modified":"2023-02-25T13:35:35","modified_gmt":"2023-02-25T13:35:35","slug":"fortuna","status":"publish","type":"page","link":"https:\/\/natsunivers.dk\/mytes\/?page_id=200","title":{"rendered":"Fortuna"},"content":{"rendered":"\n<div class=\"is-layout-flex wp-container-3 wp-block-columns\">\n<div class=\"is-layout-flow wp-block-column\" style=\"flex-basis:66.66%\">\n<p>Romersk gudinde for lykken, tilf\u00e6ldet og sk\u00e6bnen. Hun var endvidere en modergudinde og skytsgudinde for personer,<br>sammenslutninger, steder og begivenheder. Hun blev afbildet bevinget p\u00e5 en trillende eller sv\u00e6vende kugle med hendes attributter ror, hjul og overfl\u00f8dighedshorn. Hun svarer til den gr\u00e6ske Tyche.<\/p>\n<\/div>\n\n\n\n<div class=\"is-layout-flow wp-block-column\" style=\"flex-basis:33.33%\">\n<script async src=\"https:\/\/pagead2.googlesyndication.com\/pagead\/js\/adsbygoogle.js?client=ca-pub-9147999370744615\"\n     crossorigin=\"anonymous\"><\/script>\n<!-- Ny nats -->\n<ins class=\"adsbygoogle\"\n     style=\"display:block\"\n     data-ad-client=\"ca-pub-9147999370744615\"\n     data-ad-slot=\"2957070328\"\n     data-ad-format=\"auto\"\n     data-full-width-responsive=\"true\"><\/ins>\n<script>\n     (adsbygoogle = window.adsbygoogle || []).push({});\n<\/script>\n<\/div>\n<\/div>\n","protected":false},"excerpt":{"rendered":"<p>Romersk gudinde for lykken, tilf\u00e6ldet og sk\u00e6bnen. Hun var endvidere en modergudinde og skytsgudinde for personer,sammenslutninger, steder og begivenheder. Hun blev afbildet bevinget p\u00e5 en trillende eller sv\u00e6vende kugle med hendes attributter ror, hjul og overfl\u00f8dighedshorn. Hun svarer til den gr\u00e6ske Tyche.<\/p>\n","protected":false},"author":1,"featured_media":0,"parent":0,"menu_order":0,"comment_status":"closed","ping_status":"closed","template":"","meta":[],"_links":{"self":[{"href":"https:\/\/natsunivers.dk\/mytes\/index.php?rest_route=\/wp\/v2\/pages\/200"}],"collection":[{"href":"https:\/\/natsunivers.dk\/mytes\/index.php?rest_route=\/wp\/v2\/pages"}],"about":[{"href":"https:\/\/natsunivers.dk\/mytes\/index.php?rest_route=\/wp\/v2\/types\/page"}],"author":[{"embeddable":true,"href":"https:\/\/natsunivers.dk\/mytes\/index.php?rest_route=\/wp\/v2\/users\/1"}],"replies":[{"embeddable":true,"href":"https:\/\/natsunivers.dk\/mytes\/index.php?rest_route=%2Fwp%2Fv2%2Fcomments&post=200"}],"version-history":[{"count":2,"href":"https:\/\/natsunivers.dk\/mytes\/index.php?rest_route=\/wp\/v2\/pages\/200\/revisions"}],"predecessor-version":[{"id":1110,"href":"https:\/\/natsunivers.dk\/mytes\/index.php?rest_route=\/wp\/v2\/pages\/200\/revisions\/1110"}],"wp:attachment":[{"href":"https:\/\/natsunivers.dk\/mytes\/index.php?rest_route=%2Fwp%2Fv2%2Fmedia&parent=200"}],"curies":[{"name":"wp","href":"https:\/\/api.w.org\/{rel}","templated":true}]}}