{"id":190,"date":"2023-01-29T13:02:47","date_gmt":"2023-01-29T13:02:47","guid":{"rendered":"https:\/\/natsunivers.dk\/mytes\/?page_id=190"},"modified":"2023-02-25T13:34:53","modified_gmt":"2023-02-25T13:34:53","slug":"forsete","status":"publish","type":"page","link":"https:\/\/natsunivers.dk\/mytes\/?page_id=190","title":{"rendered":"Forsete"},"content":{"rendered":"\n<div class=\"is-layout-flex wp-container-3 wp-block-columns\">\n<div class=\"is-layout-flow wp-block-column\" style=\"flex-basis:66.66%\">\n<p>Forsete var gud for sandhed og retf\u00e6rdighed. S\u00f8n var han af Balder og Nanna.<br>Han boede p\u00e5 borgen Glitner som havde s\u00f8lvtag og s\u00f8jler af guld. Det siges at han fik borgen af sin fader.<br>Forsete kunne skabe forlig i alle stridigheder med hans veltalenhed og skulle det alligevel ikke lykkedes slog han dem ihjel.<br>Han var leder ved asernes ting under Yggdrasils krone og menes at have haft en gylden okse.<br>Hans navn betyder &#8220;fors\u00e6de&#8221; eller &#8220;ledelse&#8221; og af tilnavn havde han: &#8220;retf\u00e6rdige dommer&#8221;.<\/p>\n<\/div>\n\n\n\n<div class=\"is-layout-flow wp-block-column\" style=\"flex-basis:33.33%\">\n<script async src=\"https:\/\/pagead2.googlesyndication.com\/pagead\/js\/adsbygoogle.js?client=ca-pub-9147999370744615\"\n     crossorigin=\"anonymous\"><\/script>\n<!-- Ny nats -->\n<ins class=\"adsbygoogle\"\n     style=\"display:block\"\n     data-ad-client=\"ca-pub-9147999370744615\"\n     data-ad-slot=\"2957070328\"\n     data-ad-format=\"auto\"\n     data-full-width-responsive=\"true\"><\/ins>\n<script>\n     (adsbygoogle = window.adsbygoogle || []).push({});\n<\/script>\n<\/div>\n<\/div>\n","protected":false},"excerpt":{"rendered":"<p>Forsete var gud for sandhed og retf\u00e6rdighed. S\u00f8n var han af Balder og Nanna.Han boede p\u00e5 borgen Glitner som havde s\u00f8lvtag og s\u00f8jler af guld. Det siges at han fik borgen af sin fader.Forsete kunne skabe forlig i alle stridigheder med hans veltalenhed og skulle det alligevel ikke lykkedes slog han dem ihjel.Han var leder [&hellip;]<\/p>\n","protected":false},"author":1,"featured_media":0,"parent":0,"menu_order":0,"comment_status":"closed","ping_status":"closed","template":"","meta":[],"_links":{"self":[{"href":"https:\/\/natsunivers.dk\/mytes\/index.php?rest_route=\/wp\/v2\/pages\/190"}],"collection":[{"href":"https:\/\/natsunivers.dk\/mytes\/index.php?rest_route=\/wp\/v2\/pages"}],"about":[{"href":"https:\/\/natsunivers.dk\/mytes\/index.php?rest_route=\/wp\/v2\/types\/page"}],"author":[{"embeddable":true,"href":"https:\/\/natsunivers.dk\/mytes\/index.php?rest_route=\/wp\/v2\/users\/1"}],"replies":[{"embeddable":true,"href":"https:\/\/natsunivers.dk\/mytes\/index.php?rest_route=%2Fwp%2Fv2%2Fcomments&post=190"}],"version-history":[{"count":2,"href":"https:\/\/natsunivers.dk\/mytes\/index.php?rest_route=\/wp\/v2\/pages\/190\/revisions"}],"predecessor-version":[{"id":1109,"href":"https:\/\/natsunivers.dk\/mytes\/index.php?rest_route=\/wp\/v2\/pages\/190\/revisions\/1109"}],"wp:attachment":[{"href":"https:\/\/natsunivers.dk\/mytes\/index.php?rest_route=%2Fwp%2Fv2%2Fmedia&parent=190"}],"curies":[{"name":"wp","href":"https:\/\/api.w.org\/{rel}","templated":true}]}}