{"id":182,"date":"2023-01-29T12:52:29","date_gmt":"2023-01-29T12:52:29","guid":{"rendered":"https:\/\/natsunivers.dk\/mytes\/?page_id=182"},"modified":"2023-02-25T13:36:45","modified_gmt":"2023-02-25T13:36:45","slug":"frej","status":"publish","type":"page","link":"https:\/\/natsunivers.dk\/mytes\/?page_id=182","title":{"rendered":"Frej"},"content":{"rendered":"\n<div class=\"is-layout-flex wp-container-3 wp-block-columns\">\n<div class=\"is-layout-flow wp-block-column\" style=\"flex-basis:66.66%\">\n<p>Frej var en frugtbarhedsgud, k\u00e6rlighedsgud og vegetationsgud. Han var af Vanernes sl\u00e6gt og var s\u00f8n af Njord og Skadi. Det siges desuden at han havde magten over lysalferne.<br>Sammen med hans fader Njord og hans s\u00f8ster Freja kom han til Asg\u00e5rd som gidsel. Alle syntes de s\u00e5 godt om Asg\u00e5rd at de bestemte sig for at sl\u00e5 sig permanent ned.<br>Sammen hans hustru Gerd boede han p\u00e5 Alfheim som var lysalfernes hjem. Desuden boede tr\u00e6llene Byggver og Beyla der ogs\u00e5.<br>Med Gerd var han fader til Fj\u00f8lner.<br>Frej ejede galten Gyldenb\u00f8rste og skibet Skidbladnir. Galten red han p\u00e5 og skibet var s\u00e5 stort det kunne rumme alle aserne og efter<br>brug kunne det foldes sammen.<br>Ved Ragnarok ville han falde som en af de f\u00f8rste i kamp med j\u00e6tten Surtr.<\/p>\n<\/div>\n\n\n\n<div class=\"is-layout-flow wp-block-column\" style=\"flex-basis:33.33%\">\n<script async src=\"https:\/\/pagead2.googlesyndication.com\/pagead\/js\/adsbygoogle.js?client=ca-pub-9147999370744615\"\n     crossorigin=\"anonymous\"><\/script>\n<!-- Ny nats -->\n<ins class=\"adsbygoogle\"\n     style=\"display:block\"\n     data-ad-client=\"ca-pub-9147999370744615\"\n     data-ad-slot=\"2957070328\"\n     data-ad-format=\"auto\"\n     data-full-width-responsive=\"true\"><\/ins>\n<script>\n     (adsbygoogle = window.adsbygoogle || []).push({});\n<\/script>\n<\/div>\n<\/div>\n","protected":false},"excerpt":{"rendered":"<p>Frej var en frugtbarhedsgud, k\u00e6rlighedsgud og vegetationsgud. Han var af Vanernes sl\u00e6gt og var s\u00f8n af Njord og Skadi. Det siges desuden at han havde magten over lysalferne.Sammen med hans fader Njord og hans s\u00f8ster Freja kom han til Asg\u00e5rd som gidsel. Alle syntes de s\u00e5 godt om Asg\u00e5rd at de bestemte sig for at [&hellip;]<\/p>\n","protected":false},"author":1,"featured_media":0,"parent":0,"menu_order":0,"comment_status":"closed","ping_status":"closed","template":"","meta":[],"_links":{"self":[{"href":"https:\/\/natsunivers.dk\/mytes\/index.php?rest_route=\/wp\/v2\/pages\/182"}],"collection":[{"href":"https:\/\/natsunivers.dk\/mytes\/index.php?rest_route=\/wp\/v2\/pages"}],"about":[{"href":"https:\/\/natsunivers.dk\/mytes\/index.php?rest_route=\/wp\/v2\/types\/page"}],"author":[{"embeddable":true,"href":"https:\/\/natsunivers.dk\/mytes\/index.php?rest_route=\/wp\/v2\/users\/1"}],"replies":[{"embeddable":true,"href":"https:\/\/natsunivers.dk\/mytes\/index.php?rest_route=%2Fwp%2Fv2%2Fcomments&post=182"}],"version-history":[{"count":2,"href":"https:\/\/natsunivers.dk\/mytes\/index.php?rest_route=\/wp\/v2\/pages\/182\/revisions"}],"predecessor-version":[{"id":1111,"href":"https:\/\/natsunivers.dk\/mytes\/index.php?rest_route=\/wp\/v2\/pages\/182\/revisions\/1111"}],"wp:attachment":[{"href":"https:\/\/natsunivers.dk\/mytes\/index.php?rest_route=%2Fwp%2Fv2%2Fmedia&parent=182"}],"curies":[{"name":"wp","href":"https:\/\/api.w.org\/{rel}","templated":true}]}}