{"id":174,"date":"2023-01-29T12:46:56","date_gmt":"2023-01-29T12:46:56","guid":{"rendered":"https:\/\/natsunivers.dk\/mytes\/?page_id=174"},"modified":"2023-02-18T11:52:46","modified_gmt":"2023-02-18T11:52:46","slug":"bellerofon","status":"publish","type":"page","link":"https:\/\/natsunivers.dk\/mytes\/?page_id=174","title":{"rendered":"Bellerofon"},"content":{"rendered":"\n<div class=\"is-layout-flex wp-container-3 wp-block-columns\">\n<div class=\"is-layout-flow wp-block-column\" style=\"flex-basis:66.66%\">\n<p>Bellerofon kom fra byen Korinth og var s\u00f8n af Glaucus. Egentlig var han f\u00f8dt med navnet Hipponous, men da han dr\u00e6bte en fremtr\u00e6dende korinthier skiftede han i landflygtighed til navnet<br>Bellerofon der bet\u00f8d &#8220;Bellerus&#8217; morder&#8221;.<\/p>\n\n\n\n<p><br>Da Persues huggede hovedet af gorgonen Medusa opstod der af blodet den bevinget hest Pegasus. Bellerofon var meget betaget af den og som hj\u00e6lp gav Athene ham derfor en s\u00e6rlig t\u00f8jle s\u00e5 han kunne t\u00e6mme den. Var ogs\u00e5 Pegasus han kom ridende p\u00e5 da han overvandt uhyret Chimaera.<\/p>\n<\/div>\n\n\n\n<div class=\"is-layout-flow wp-block-column\" style=\"flex-basis:33.33%\">\n<script async src=\"https:\/\/pagead2.googlesyndication.com\/pagead\/js\/adsbygoogle.js?client=ca-pub-9147999370744615\"\n     crossorigin=\"anonymous\"><\/script>\n<!-- Ny nats -->\n<ins class=\"adsbygoogle\"\n     style=\"display:block\"\n     data-ad-client=\"ca-pub-9147999370744615\"\n     data-ad-slot=\"2957070328\"\n     data-ad-format=\"auto\"\n     data-full-width-responsive=\"true\"><\/ins>\n<script>\n     (adsbygoogle = window.adsbygoogle || []).push({});\n<\/script>\n<\/div>\n<\/div>\n","protected":false},"excerpt":{"rendered":"<p>Bellerofon kom fra byen Korinth og var s\u00f8n af Glaucus. Egentlig var han f\u00f8dt med navnet Hipponous, men da han dr\u00e6bte en fremtr\u00e6dende korinthier skiftede han i landflygtighed til navnetBellerofon der bet\u00f8d &#8220;Bellerus&#8217; morder&#8221;. Da Persues huggede hovedet af gorgonen Medusa opstod der af blodet den bevinget hest Pegasus. Bellerofon var meget betaget af den [&hellip;]<\/p>\n","protected":false},"author":1,"featured_media":0,"parent":0,"menu_order":0,"comment_status":"closed","ping_status":"closed","template":"","meta":[],"_links":{"self":[{"href":"https:\/\/natsunivers.dk\/mytes\/index.php?rest_route=\/wp\/v2\/pages\/174"}],"collection":[{"href":"https:\/\/natsunivers.dk\/mytes\/index.php?rest_route=\/wp\/v2\/pages"}],"about":[{"href":"https:\/\/natsunivers.dk\/mytes\/index.php?rest_route=\/wp\/v2\/types\/page"}],"author":[{"embeddable":true,"href":"https:\/\/natsunivers.dk\/mytes\/index.php?rest_route=\/wp\/v2\/users\/1"}],"replies":[{"embeddable":true,"href":"https:\/\/natsunivers.dk\/mytes\/index.php?rest_route=%2Fwp%2Fv2%2Fcomments&post=174"}],"version-history":[{"count":2,"href":"https:\/\/natsunivers.dk\/mytes\/index.php?rest_route=\/wp\/v2\/pages\/174\/revisions"}],"predecessor-version":[{"id":1035,"href":"https:\/\/natsunivers.dk\/mytes\/index.php?rest_route=\/wp\/v2\/pages\/174\/revisions\/1035"}],"wp:attachment":[{"href":"https:\/\/natsunivers.dk\/mytes\/index.php?rest_route=%2Fwp%2Fv2%2Fmedia&parent=174"}],"curies":[{"name":"wp","href":"https:\/\/api.w.org\/{rel}","templated":true}]}}