{"id":156,"date":"2023-01-29T12:33:58","date_gmt":"2023-01-29T12:33:58","guid":{"rendered":"https:\/\/natsunivers.dk\/mytes\/?page_id=156"},"modified":"2023-02-25T08:56:33","modified_gmt":"2023-02-25T08:56:33","slug":"esus","status":"publish","type":"page","link":"https:\/\/natsunivers.dk\/mytes\/?page_id=156","title":{"rendered":"Esus"},"content":{"rendered":"\n<div class=\"is-layout-flex wp-container-3 wp-block-columns\">\n<div class=\"is-layout-flow wp-block-column\" style=\"flex-basis:66.66%\">\n<p>Esus var en gallisk gud som blev forbundet med b\u00e5de handel, ild og himlen. Selvsagt opstod der af og til lidt forvirring omkring denne gud. F.eks. skulle han if\u00f8lge forfatteren Lukianos have haft en t\u00f8rst efter menneske blod mens andre beskriver ham som en almindelige handelsgud.<br>Hans partner var Rosmerta og han blev typisk afbildet med en \u00f8kse i h\u00e5nden. Han blev sammenlignet med den romerske Merkur\/Mercurius.<br>Undertiden er han blevet associateret med en tyr i f\u00f8lge med tre fugle.<br>Andre stavem\u00e5der: Essus, Hesus.<\/p>\n<\/div>\n\n\n\n<div class=\"is-layout-flow wp-block-column\" style=\"flex-basis:33.33%\">\n<script async src=\"https:\/\/pagead2.googlesyndication.com\/pagead\/js\/adsbygoogle.js?client=ca-pub-9147999370744615\"\n     crossorigin=\"anonymous\"><\/script>\n<!-- Ny nats -->\n<ins class=\"adsbygoogle\"\n     style=\"display:block\"\n     data-ad-client=\"ca-pub-9147999370744615\"\n     data-ad-slot=\"2957070328\"\n     data-ad-format=\"auto\"\n     data-full-width-responsive=\"true\"><\/ins>\n<script>\n     (adsbygoogle = window.adsbygoogle || []).push({});\n<\/script>\n<\/div>\n<\/div>\n","protected":false},"excerpt":{"rendered":"<p>Esus var en gallisk gud som blev forbundet med b\u00e5de handel, ild og himlen. Selvsagt opstod der af og til lidt forvirring omkring denne gud. F.eks. skulle han if\u00f8lge forfatteren Lukianos have haft en t\u00f8rst efter menneske blod mens andre beskriver ham som en almindelige handelsgud.Hans partner var Rosmerta og han blev typisk afbildet med [&hellip;]<\/p>\n","protected":false},"author":1,"featured_media":0,"parent":0,"menu_order":0,"comment_status":"closed","ping_status":"closed","template":"","meta":[],"_links":{"self":[{"href":"https:\/\/natsunivers.dk\/mytes\/index.php?rest_route=\/wp\/v2\/pages\/156"}],"collection":[{"href":"https:\/\/natsunivers.dk\/mytes\/index.php?rest_route=\/wp\/v2\/pages"}],"about":[{"href":"https:\/\/natsunivers.dk\/mytes\/index.php?rest_route=\/wp\/v2\/types\/page"}],"author":[{"embeddable":true,"href":"https:\/\/natsunivers.dk\/mytes\/index.php?rest_route=\/wp\/v2\/users\/1"}],"replies":[{"embeddable":true,"href":"https:\/\/natsunivers.dk\/mytes\/index.php?rest_route=%2Fwp%2Fv2%2Fcomments&post=156"}],"version-history":[{"count":2,"href":"https:\/\/natsunivers.dk\/mytes\/index.php?rest_route=\/wp\/v2\/pages\/156\/revisions"}],"predecessor-version":[{"id":1095,"href":"https:\/\/natsunivers.dk\/mytes\/index.php?rest_route=\/wp\/v2\/pages\/156\/revisions\/1095"}],"wp:attachment":[{"href":"https:\/\/natsunivers.dk\/mytes\/index.php?rest_route=%2Fwp%2Fv2%2Fmedia&parent=156"}],"curies":[{"name":"wp","href":"https:\/\/api.w.org\/{rel}","templated":true}]}}