{"id":136,"date":"2023-01-29T12:20:43","date_gmt":"2023-01-29T12:20:43","guid":{"rendered":"https:\/\/natsunivers.dk\/mytes\/?page_id=136"},"modified":"2023-02-25T08:20:18","modified_gmt":"2023-02-25T08:20:18","slug":"dian-cecht","status":"publish","type":"page","link":"https:\/\/natsunivers.dk\/mytes\/?page_id=136","title":{"rendered":"Dian Cecht"},"content":{"rendered":"\n<div class=\"is-layout-flex wp-container-3 wp-block-columns\">\n<div class=\"is-layout-flow wp-block-column\" style=\"flex-basis:66.66%\">\n<p>Dette var en Keltisk\/Irsk l\u00e6gegud som kunne heale s\u00e5r mirakell\u00f8st. Han var s\u00f8n af Danu og var tilh\u00f8rende T\u00faatha D\u00e9 Danann.<br>Da Nuada mistede sin h\u00f8jre h\u00e5nd i et slag lavede han ham en ny bev\u00e6gelig h\u00e5nd i s\u00f8lv p\u00e5 3&#215;9 dage. Til Midir lavede han et nyt \u00f8je. Han kunne dyppe faldne i en kilde og derved give dem nyt liv.<\/p>\n\n\n\n<p>Hans s\u00f8n Mi\u00e1ch lavede senere Nuada en ny h\u00e5nd af k\u00f8d og blod hvilket gjorde Dian Cecht noget misundelig. For at se hvor god en l\u00e6ge hans s\u00f8n egentlig var slog han f\u00f8rst tre slag p\u00e5 hans hoved og hver gang t\u00e6ttere og t\u00e6ttere p\u00e5 hjernen. Mi\u00e1ch healede sig selv alle tre gange men da Dian slog fjerde gang ramte han hjernen s\u00e5 dem r\u00f8g ud og Mi\u00e1ch d\u00f8de.<\/p>\n\n\n\n<p>P\u00e5 Mi\u00e1ch&#8217;s grav voksede 365 urter frem; en for hver legemesdel og man mente de ville kunne kurere hver sin legemsdel sygdom. Dian Cecht&#8217;s datter Airmed samlede urter men Dian Cecht rodede dem sammen og ingen vidste derfor hvilken urt der var til hvad. Om det<br>var fordi han ville holde l\u00e6gekunsten hemmelig eller om han var misundelig vides ikke.<\/p>\n<\/div>\n\n\n\n<div class=\"is-layout-flow wp-block-column\" style=\"flex-basis:33.33%\">\n<script async src=\"https:\/\/pagead2.googlesyndication.com\/pagead\/js\/adsbygoogle.js?client=ca-pub-9147999370744615\"\n     crossorigin=\"anonymous\"><\/script>\n<!-- Ny nats -->\n<ins class=\"adsbygoogle\"\n     style=\"display:block\"\n     data-ad-client=\"ca-pub-9147999370744615\"\n     data-ad-slot=\"2957070328\"\n     data-ad-format=\"auto\"\n     data-full-width-responsive=\"true\"><\/ins>\n<script>\n     (adsbygoogle = window.adsbygoogle || []).push({});\n<\/script>\n<\/div>\n<\/div>\n","protected":false},"excerpt":{"rendered":"<p>Dette var en Keltisk\/Irsk l\u00e6gegud som kunne heale s\u00e5r mirakell\u00f8st. Han var s\u00f8n af Danu og var tilh\u00f8rende T\u00faatha D\u00e9 Danann.Da Nuada mistede sin h\u00f8jre h\u00e5nd i et slag lavede han ham en ny bev\u00e6gelig h\u00e5nd i s\u00f8lv p\u00e5 3&#215;9 dage. Til Midir lavede han et nyt \u00f8je. Han kunne dyppe faldne i en kilde [&hellip;]<\/p>\n","protected":false},"author":1,"featured_media":0,"parent":0,"menu_order":0,"comment_status":"closed","ping_status":"closed","template":"","meta":[],"_links":{"self":[{"href":"https:\/\/natsunivers.dk\/mytes\/index.php?rest_route=\/wp\/v2\/pages\/136"}],"collection":[{"href":"https:\/\/natsunivers.dk\/mytes\/index.php?rest_route=\/wp\/v2\/pages"}],"about":[{"href":"https:\/\/natsunivers.dk\/mytes\/index.php?rest_route=\/wp\/v2\/types\/page"}],"author":[{"embeddable":true,"href":"https:\/\/natsunivers.dk\/mytes\/index.php?rest_route=\/wp\/v2\/users\/1"}],"replies":[{"embeddable":true,"href":"https:\/\/natsunivers.dk\/mytes\/index.php?rest_route=%2Fwp%2Fv2%2Fcomments&post=136"}],"version-history":[{"count":3,"href":"https:\/\/natsunivers.dk\/mytes\/index.php?rest_route=\/wp\/v2\/pages\/136\/revisions"}],"predecessor-version":[{"id":1070,"href":"https:\/\/natsunivers.dk\/mytes\/index.php?rest_route=\/wp\/v2\/pages\/136\/revisions\/1070"}],"wp:attachment":[{"href":"https:\/\/natsunivers.dk\/mytes\/index.php?rest_route=%2Fwp%2Fv2%2Fmedia&parent=136"}],"curies":[{"name":"wp","href":"https:\/\/api.w.org\/{rel}","templated":true}]}}