{"id":127,"date":"2023-01-29T12:17:19","date_gmt":"2023-01-29T12:17:19","guid":{"rendered":"https:\/\/natsunivers.dk\/mytes\/?page_id=127"},"modified":"2023-02-18T12:43:37","modified_gmt":"2023-02-18T12:43:37","slug":"chepre","status":"publish","type":"page","link":"https:\/\/natsunivers.dk\/mytes\/?page_id=127","title":{"rendered":"Chepre"},"content":{"rendered":"\n<div class=\"is-layout-flex wp-container-3 wp-block-columns\">\n<div class=\"is-layout-flow wp-block-column\" style=\"flex-basis:66.66%\">\n<p>Chepre var en egyptisk urgud der i stedet for at blive f\u00f8dt havde skabt sig selv ved at krybe frem fra jorden.<\/p>\n\n\n\n<p><br>Dette gjorde han i form af en skarab\u00e6 og hans navn betyder &#8220;skabt af sig selv&#8221;. Oprindeligt kunne denne urgud tage skikkelse af<br>en slange.<\/p>\n\n\n\n<p><br>Chepre repr\u00e6senterede den opg\u00e5ende sol, der kom frem fra underverden i solb\u00e5den. Han blev ligestillet med Atum som legemliggjorde den nedg\u00e5ende sol og Ra som stod for middagssolen.<\/p>\n\n\n\n<p><br>Hovedkultstedet for Chepre l\u00e5 i Heliopolis. Chepre blev afbildet med billehoved eller helt som bille (skarab\u00e6).<\/p>\n<\/div>\n\n\n\n<div class=\"is-layout-flow wp-block-column\" style=\"flex-basis:33.33%\">\n<script async src=\"https:\/\/pagead2.googlesyndication.com\/pagead\/js\/adsbygoogle.js?client=ca-pub-9147999370744615\"\n     crossorigin=\"anonymous\"><\/script>\n<!-- Ny nats -->\n<ins class=\"adsbygoogle\"\n     style=\"display:block\"\n     data-ad-client=\"ca-pub-9147999370744615\"\n     data-ad-slot=\"2957070328\"\n     data-ad-format=\"auto\"\n     data-full-width-responsive=\"true\"><\/ins>\n<script>\n     (adsbygoogle = window.adsbygoogle || []).push({});\n<\/script>\n<\/div>\n<\/div>\n","protected":false},"excerpt":{"rendered":"<p>Chepre var en egyptisk urgud der i stedet for at blive f\u00f8dt havde skabt sig selv ved at krybe frem fra jorden. Dette gjorde han i form af en skarab\u00e6 og hans navn betyder &#8220;skabt af sig selv&#8221;. Oprindeligt kunne denne urgud tage skikkelse afen slange. Chepre repr\u00e6senterede den opg\u00e5ende sol, der kom frem fra [&hellip;]<\/p>\n","protected":false},"author":1,"featured_media":0,"parent":0,"menu_order":0,"comment_status":"closed","ping_status":"closed","template":"","meta":[],"_links":{"self":[{"href":"https:\/\/natsunivers.dk\/mytes\/index.php?rest_route=\/wp\/v2\/pages\/127"}],"collection":[{"href":"https:\/\/natsunivers.dk\/mytes\/index.php?rest_route=\/wp\/v2\/pages"}],"about":[{"href":"https:\/\/natsunivers.dk\/mytes\/index.php?rest_route=\/wp\/v2\/types\/page"}],"author":[{"embeddable":true,"href":"https:\/\/natsunivers.dk\/mytes\/index.php?rest_route=\/wp\/v2\/users\/1"}],"replies":[{"embeddable":true,"href":"https:\/\/natsunivers.dk\/mytes\/index.php?rest_route=%2Fwp%2Fv2%2Fcomments&post=127"}],"version-history":[{"count":2,"href":"https:\/\/natsunivers.dk\/mytes\/index.php?rest_route=\/wp\/v2\/pages\/127\/revisions"}],"predecessor-version":[{"id":1052,"href":"https:\/\/natsunivers.dk\/mytes\/index.php?rest_route=\/wp\/v2\/pages\/127\/revisions\/1052"}],"wp:attachment":[{"href":"https:\/\/natsunivers.dk\/mytes\/index.php?rest_route=%2Fwp%2Fv2%2Fmedia&parent=127"}],"curies":[{"name":"wp","href":"https:\/\/api.w.org\/{rel}","templated":true}]}}