{"id":121,"date":"2023-01-29T12:05:52","date_gmt":"2023-01-29T12:05:52","guid":{"rendered":"https:\/\/natsunivers.dk\/mytes\/?page_id=121"},"modified":"2023-02-25T08:21:46","modified_gmt":"2023-02-25T08:21:46","slug":"dike","status":"publish","type":"page","link":"https:\/\/natsunivers.dk\/mytes\/?page_id=121","title":{"rendered":"Dike"},"content":{"rendered":"\n<div class=\"is-layout-flex wp-container-3 wp-block-columns\">\n<div class=\"is-layout-flow wp-block-column\" style=\"flex-basis:66.66%\">\n<p>Dike var en jomfruelig gudinde og personifikationen p\u00e5 retf\u00e6rdighed. Endvidere var hun en af de tre Horaier og hun blev regnet for datter af Zeus og Themis. S\u00f8ster var hun til Eirene og Eunomia.<br>Dike anmeldte forbrydere til Zeus som s\u00e5 s\u00f8rgede for at de blev straffet retf\u00e6rdigt.<br>Da guderne flygtede fra jorden var hun den sidste til at tage afsted.<br>Hun blev sat p\u00e5 himlen som stjernebilledet Jomfruen (virgo).<br>Hendes navn betyder retf\u00e6rdighed og af latinske navne har hun: Astraia og Astraea.<\/p>\n<\/div>\n\n\n\n<div class=\"is-layout-flow wp-block-column\" style=\"flex-basis:33.33%\">\n<script async src=\"https:\/\/pagead2.googlesyndication.com\/pagead\/js\/adsbygoogle.js?client=ca-pub-9147999370744615\"\n     crossorigin=\"anonymous\"><\/script>\n<!-- Ny nats -->\n<ins class=\"adsbygoogle\"\n     style=\"display:block\"\n     data-ad-client=\"ca-pub-9147999370744615\"\n     data-ad-slot=\"2957070328\"\n     data-ad-format=\"auto\"\n     data-full-width-responsive=\"true\"><\/ins>\n<script>\n     (adsbygoogle = window.adsbygoogle || []).push({});\n<\/script>\n<\/div>\n<\/div>\n","protected":false},"excerpt":{"rendered":"<p>Dike var en jomfruelig gudinde og personifikationen p\u00e5 retf\u00e6rdighed. Endvidere var hun en af de tre Horaier og hun blev regnet for datter af Zeus og Themis. S\u00f8ster var hun til Eirene og Eunomia.Dike anmeldte forbrydere til Zeus som s\u00e5 s\u00f8rgede for at de blev straffet retf\u00e6rdigt.Da guderne flygtede fra jorden var hun den sidste [&hellip;]<\/p>\n","protected":false},"author":1,"featured_media":0,"parent":0,"menu_order":0,"comment_status":"closed","ping_status":"closed","template":"","meta":[],"_links":{"self":[{"href":"https:\/\/natsunivers.dk\/mytes\/index.php?rest_route=\/wp\/v2\/pages\/121"}],"collection":[{"href":"https:\/\/natsunivers.dk\/mytes\/index.php?rest_route=\/wp\/v2\/pages"}],"about":[{"href":"https:\/\/natsunivers.dk\/mytes\/index.php?rest_route=\/wp\/v2\/types\/page"}],"author":[{"embeddable":true,"href":"https:\/\/natsunivers.dk\/mytes\/index.php?rest_route=\/wp\/v2\/users\/1"}],"replies":[{"embeddable":true,"href":"https:\/\/natsunivers.dk\/mytes\/index.php?rest_route=%2Fwp%2Fv2%2Fcomments&post=121"}],"version-history":[{"count":2,"href":"https:\/\/natsunivers.dk\/mytes\/index.php?rest_route=\/wp\/v2\/pages\/121\/revisions"}],"predecessor-version":[{"id":1072,"href":"https:\/\/natsunivers.dk\/mytes\/index.php?rest_route=\/wp\/v2\/pages\/121\/revisions\/1072"}],"wp:attachment":[{"href":"https:\/\/natsunivers.dk\/mytes\/index.php?rest_route=%2Fwp%2Fv2%2Fmedia&parent=121"}],"curies":[{"name":"wp","href":"https:\/\/api.w.org\/{rel}","templated":true}]}}