{"id":109,"date":"2023-01-29T12:00:21","date_gmt":"2023-01-29T12:00:21","guid":{"rendered":"https:\/\/natsunivers.dk\/mytes\/?page_id=109"},"modified":"2023-02-18T11:22:19","modified_gmt":"2023-02-18T11:22:19","slug":"atalante","status":"publish","type":"page","link":"https:\/\/natsunivers.dk\/mytes\/?page_id=109","title":{"rendered":"Atalante"},"content":{"rendered":"\n<div class=\"is-layout-flex wp-container-3 wp-block-columns\">\n<div class=\"is-layout-flow wp-block-column\" style=\"flex-basis:66.66%\">\n<p>Dette var en datter af Iasus fra Arkadien. Fordi hun ikke var dreng som Iasus \u00f8nskede sig blev hun sat p\u00e5 en bjergside for<br>at d\u00f8. Her fandt en bj\u00f8rn hende som ammede hende indtil hun blev fundet af j\u00e6gere som valgte at opfostre hende.<\/p>\n\n\n\n<p><br>Atalante var en ber\u00f8mt kvindelig j\u00e6ger der foruden ogs\u00e5 var kendt for sin jomfruelighed. Myter beretter hvordan hun som eneste kvinde var med p\u00e5 Argonautertoget. Andre myter mener dog at Jason ikke tog hende med i skr\u00e6k for at en kvinde ombord ville bringe uheld.<\/p>\n\n\n\n<p><br>Hun var ikke meget for tanken om at blive gift og gjorde hvad hun kunne for at undg\u00e5 det. Dog blev et v\u00e6ddel\u00f8b sat op. Hvis en mand kunne sl\u00e5 hende ville hun gifte sig med ham. Hvis han tabte ville hun dr\u00e6be ham. Mange lod livet p\u00e5 denne m\u00e5de indtil Afrodite fik ondt af den unge Melanion.<\/p>\n\n\n\n<p><br>Afrodite gav ham tre guld\u00e6bler som han lagde rundt om p\u00e5 v\u00e6ddel\u00f8bs ruten. Af nysgerrighed standsede Atalante ved hvert \u00e6ble og samlede det op. Dette sinkede hende s\u00e5 meget at Melanion vandt b\u00e5de v\u00e6ddel\u00f8bet og hendes h\u00e5nd i \u00e6gteskab. I hasten for at f\u00e5 Atalante til at elske ham glemte han at ofre til Afrodite for hendes hj\u00e6lp og denne forvandlede derfor Melanion og Atalante til l\u00f8ver.<\/p>\n\n\n\n<p><br>I enkelte skrifter n\u00e6vnes Parthenopaios som v\u00e6rende en s\u00f8n af Atalante. Hvis man l\u00e6ser igennem vil man se at digtere fra gammel<br>tid var uenige om navnene p\u00e5 Atalante&#8217;s fader og \u00e6gtemand og det vil derfor v\u00e6re muligt at finde beretninger hvor navnene er<br>anderledes.<\/p>\n<\/div>\n\n\n\n<div class=\"is-layout-flow wp-block-column\" style=\"flex-basis:33.33%\">\n<script async src=\"https:\/\/pagead2.googlesyndication.com\/pagead\/js\/adsbygoogle.js?client=ca-pub-9147999370744615\"\n     crossorigin=\"anonymous\"><\/script>\n<!-- Ny nats -->\n<ins class=\"adsbygoogle\"\n     style=\"display:block\"\n     data-ad-client=\"ca-pub-9147999370744615\"\n     data-ad-slot=\"2957070328\"\n     data-ad-format=\"auto\"\n     data-full-width-responsive=\"true\"><\/ins>\n<script>\n     (adsbygoogle = window.adsbygoogle || []).push({});\n<\/script>\n<\/div>\n<\/div>\n","protected":false},"excerpt":{"rendered":"<p>Dette var en datter af Iasus fra Arkadien. Fordi hun ikke var dreng som Iasus \u00f8nskede sig blev hun sat p\u00e5 en bjergside forat d\u00f8. Her fandt en bj\u00f8rn hende som ammede hende indtil hun blev fundet af j\u00e6gere som valgte at opfostre hende. Atalante var en ber\u00f8mt kvindelig j\u00e6ger der foruden ogs\u00e5 var kendt [&hellip;]<\/p>\n","protected":false},"author":1,"featured_media":0,"parent":0,"menu_order":0,"comment_status":"closed","ping_status":"closed","template":"","meta":[],"_links":{"self":[{"href":"https:\/\/natsunivers.dk\/mytes\/index.php?rest_route=\/wp\/v2\/pages\/109"}],"collection":[{"href":"https:\/\/natsunivers.dk\/mytes\/index.php?rest_route=\/wp\/v2\/pages"}],"about":[{"href":"https:\/\/natsunivers.dk\/mytes\/index.php?rest_route=\/wp\/v2\/types\/page"}],"author":[{"embeddable":true,"href":"https:\/\/natsunivers.dk\/mytes\/index.php?rest_route=\/wp\/v2\/users\/1"}],"replies":[{"embeddable":true,"href":"https:\/\/natsunivers.dk\/mytes\/index.php?rest_route=%2Fwp%2Fv2%2Fcomments&post=109"}],"version-history":[{"count":3,"href":"https:\/\/natsunivers.dk\/mytes\/index.php?rest_route=\/wp\/v2\/pages\/109\/revisions"}],"predecessor-version":[{"id":1026,"href":"https:\/\/natsunivers.dk\/mytes\/index.php?rest_route=\/wp\/v2\/pages\/109\/revisions\/1026"}],"wp:attachment":[{"href":"https:\/\/natsunivers.dk\/mytes\/index.php?rest_route=%2Fwp%2Fv2%2Fmedia&parent=109"}],"curies":[{"name":"wp","href":"https:\/\/api.w.org\/{rel}","templated":true}]}}